{"id":118,"date":"2017-03-28T22:39:55","date_gmt":"2017-03-28T20:39:55","guid":{"rendered":"http:\/\/www.annebarth.org\/?page_id=118"},"modified":"2017-03-28T22:39:55","modified_gmt":"2017-03-28T20:39:55","slug":"laura-des-mots","status":"publish","type":"page","link":"https:\/\/www.annebarth.org\/index.php\/laura-des-mots\/","title":{"rendered":"L&rsquo;aura des mots"},"content":{"rendered":"<h3><span style=\"color: #008080;\">L&rsquo;AURA DES MOTS<br \/>\n<\/span><\/h3>\n<p><iframe title=\"L&#039;aura des mots\" src=\"https:\/\/player.vimeo.com\/video\/74487332?dnt=1&amp;app_id=122963\" width=\"500\" height=\"331\" frameborder=\"0\" allow=\"autoplay; fullscreen; picture-in-picture; clipboard-write; encrypted-media; web-share\" referrerpolicy=\"strict-origin-when-cross-origin\"><\/iframe><\/p>\n<p><strong>1996 \u2022 26 minutes<br \/>\n<\/strong><\/p>\n<p><em>L&rsquo;aura des mots est un essai sur la langue fran\u00e7aise avec Nicole Brossard, Marie-Claire Blais, Jeanne Hyvrard et Beno\u00eete Groult.<br \/>\n<\/em><\/p>\n<p class=\"paragraph_style_2\">\n","protected":false},"excerpt":{"rendered":"<p>L&rsquo;AURA DES MOTS 1996 \u2022 26 minutes L&rsquo;aura des mots est un essai sur la langue fran\u00e7aise avec Nicole Brossard, Marie-Claire Blais, Jeanne Hyvrard et Beno\u00eete Groult.<\/p>\n","protected":false},"author":1,"featured_media":31,"parent":0,"menu_order":0,"comment_status":"closed","ping_status":"closed","template":"template_parts\/page-fullwidth_template.php","meta":{"footnotes":""},"class_list":["post-118","page","type-page","status-publish","has-post-thumbnail","hentry"],"yoast_head":"<!-- This site is optimized with the Yoast SEO plugin v27.3 - https:\/\/yoast.com\/product\/yoast-seo-wordpress\/ -->\n<title>L&#039;aura des mots, un film essai de Anne Barth, r\u00e9alisatrice.<\/title>\n<meta name=\"description\" content=\"L&#039;aura des mots est un essai sur la langue fran\u00e7aise avec Nicole Brossard, Marie-Claire Blais, Jeanne Hyvrard et Beno\u00eete Groult.\" \/>\n<meta name=\"robots\" content=\"index, follow, max-snippet:-1, max-image-preview:large, max-video-preview:-1\" \/>\n<link rel=\"canonical\" href=\"https:\/\/www.annebarth.org\/index.php\/laura-des-mots\/\" \/>\n<meta property=\"og:locale\" content=\"fr_FR\" \/>\n<meta property=\"og:type\" content=\"article\" \/>\n<meta property=\"og:title\" content=\"L&#039;aura des mots, un film essai de Anne Barth, r\u00e9alisatrice.\" \/>\n<meta property=\"og:description\" content=\"L&#039;aura des mots est un essai sur la langue fran\u00e7aise avec Nicole Brossard, Marie-Claire Blais, Jeanne Hyvrard et Beno\u00eete Groult.\" \/>\n<meta property=\"og:url\" content=\"https:\/\/www.annebarth.org\/index.php\/laura-des-mots\/\" \/>\n<meta property=\"og:site_name\" content=\"Anne Barth, r\u00e9alisatrice\" \/>\n<meta property=\"og:image\" content=\"https:\/\/www.annebarth.org\/wp-content\/uploads\/2017\/03\/aura_des_mots_anne_barth.jpg\" \/>\n\t<meta property=\"og:image:width\" content=\"1024\" \/>\n\t<meta property=\"og:image:height\" content=\"697\" \/>\n\t<meta property=\"og:image:type\" content=\"image\/jpeg\" \/>\n<meta name=\"twitter:card\" content=\"summary_large_image\" \/>\n<script type=\"application\/ld+json\" class=\"yoast-schema-graph\">{\"@context\":\"https:\\\/\\\/schema.org\",\"@graph\":[{\"@type\":\"WebPage\",\"@id\":\"https:\\\/\\\/www.annebarth.org\\\/index.php\\\/laura-des-mots\\\/\",\"url\":\"https:\\\/\\\/www.annebarth.org\\\/index.php\\\/laura-des-mots\\\/\",\"name\":\"L'aura des mots, un film essai de Anne Barth, r\u00e9alisatrice.\",\"isPartOf\":{\"@id\":\"https:\\\/\\\/www.annebarth.org\\\/#website\"},\"primaryImageOfPage\":{\"@id\":\"https:\\\/\\\/www.annebarth.org\\\/index.php\\\/laura-des-mots\\\/#primaryimage\"},\"image\":{\"@id\":\"https:\\\/\\\/www.annebarth.org\\\/index.php\\\/laura-des-mots\\\/#primaryimage\"},\"thumbnailUrl\":\"https:\\\/\\\/www.annebarth.org\\\/wp-content\\\/uploads\\\/2017\\\/03\\\/aura_des_mots_anne_barth.jpg\",\"datePublished\":\"2017-03-28T20:39:55+00:00\",\"description\":\"L'aura des mots est un essai sur la langue fran\u00e7aise avec Nicole Brossard, Marie-Claire Blais, Jeanne Hyvrard et Beno\u00eete Groult.\",\"breadcrumb\":{\"@id\":\"https:\\\/\\\/www.annebarth.org\\\/index.php\\\/laura-des-mots\\\/#breadcrumb\"},\"inLanguage\":\"fr-FR\",\"potentialAction\":[{\"@type\":\"ReadAction\",\"target\":[\"https:\\\/\\\/www.annebarth.org\\\/index.php\\\/laura-des-mots\\\/\"]}]},{\"@type\":\"ImageObject\",\"inLanguage\":\"fr-FR\",\"@id\":\"https:\\\/\\\/www.annebarth.org\\\/index.php\\\/laura-des-mots\\\/#primaryimage\",\"url\":\"https:\\\/\\\/www.annebarth.org\\\/wp-content\\\/uploads\\\/2017\\\/03\\\/aura_des_mots_anne_barth.jpg\",\"contentUrl\":\"https:\\\/\\\/www.annebarth.org\\\/wp-content\\\/uploads\\\/2017\\\/03\\\/aura_des_mots_anne_barth.jpg\",\"width\":1024,\"height\":697,\"caption\":\"L'aura des mots - 1996\"},{\"@type\":\"BreadcrumbList\",\"@id\":\"https:\\\/\\\/www.annebarth.org\\\/index.php\\\/laura-des-mots\\\/#breadcrumb\",\"itemListElement\":[{\"@type\":\"ListItem\",\"position\":1,\"name\":\"Accueil\",\"item\":\"https:\\\/\\\/www.annebarth.org\\\/\"},{\"@type\":\"ListItem\",\"position\":2,\"name\":\"L&rsquo;aura des mots\"}]},{\"@type\":\"WebSite\",\"@id\":\"https:\\\/\\\/www.annebarth.org\\\/#website\",\"url\":\"https:\\\/\\\/www.annebarth.org\\\/\",\"name\":\"Anne Barth, r\u00e9alisatrice\",\"description\":\"\",\"potentialAction\":[{\"@type\":\"SearchAction\",\"target\":{\"@type\":\"EntryPoint\",\"urlTemplate\":\"https:\\\/\\\/www.annebarth.org\\\/?s={search_term_string}\"},\"query-input\":{\"@type\":\"PropertyValueSpecification\",\"valueRequired\":true,\"valueName\":\"search_term_string\"}}],\"inLanguage\":\"fr-FR\"}]}<\/script>\n<!-- \/ Yoast SEO plugin. -->","yoast_head_json":{"title":"L'aura des mots, un film essai de Anne Barth, r\u00e9alisatrice.","description":"L'aura des mots est un essai sur la langue fran\u00e7aise avec Nicole Brossard, Marie-Claire Blais, Jeanne Hyvrard et Beno\u00eete Groult.","robots":{"index":"index","follow":"follow","max-snippet":"max-snippet:-1","max-image-preview":"max-image-preview:large","max-video-preview":"max-video-preview:-1"},"canonical":"https:\/\/www.annebarth.org\/index.php\/laura-des-mots\/","og_locale":"fr_FR","og_type":"article","og_title":"L'aura des mots, un film essai de Anne Barth, r\u00e9alisatrice.","og_description":"L'aura des mots est un essai sur la langue fran\u00e7aise avec Nicole Brossard, Marie-Claire Blais, Jeanne Hyvrard et Beno\u00eete Groult.","og_url":"https:\/\/www.annebarth.org\/index.php\/laura-des-mots\/","og_site_name":"Anne Barth, r\u00e9alisatrice","og_image":[{"width":1024,"height":697,"url":"https:\/\/www.annebarth.org\/wp-content\/uploads\/2017\/03\/aura_des_mots_anne_barth.jpg","type":"image\/jpeg"}],"twitter_card":"summary_large_image","schema":{"@context":"https:\/\/schema.org","@graph":[{"@type":"WebPage","@id":"https:\/\/www.annebarth.org\/index.php\/laura-des-mots\/","url":"https:\/\/www.annebarth.org\/index.php\/laura-des-mots\/","name":"L'aura des mots, un film essai de Anne Barth, r\u00e9alisatrice.","isPartOf":{"@id":"https:\/\/www.annebarth.org\/#website"},"primaryImageOfPage":{"@id":"https:\/\/www.annebarth.org\/index.php\/laura-des-mots\/#primaryimage"},"image":{"@id":"https:\/\/www.annebarth.org\/index.php\/laura-des-mots\/#primaryimage"},"thumbnailUrl":"https:\/\/www.annebarth.org\/wp-content\/uploads\/2017\/03\/aura_des_mots_anne_barth.jpg","datePublished":"2017-03-28T20:39:55+00:00","description":"L'aura des mots est un essai sur la langue fran\u00e7aise avec Nicole Brossard, Marie-Claire Blais, Jeanne Hyvrard et Beno\u00eete Groult.","breadcrumb":{"@id":"https:\/\/www.annebarth.org\/index.php\/laura-des-mots\/#breadcrumb"},"inLanguage":"fr-FR","potentialAction":[{"@type":"ReadAction","target":["https:\/\/www.annebarth.org\/index.php\/laura-des-mots\/"]}]},{"@type":"ImageObject","inLanguage":"fr-FR","@id":"https:\/\/www.annebarth.org\/index.php\/laura-des-mots\/#primaryimage","url":"https:\/\/www.annebarth.org\/wp-content\/uploads\/2017\/03\/aura_des_mots_anne_barth.jpg","contentUrl":"https:\/\/www.annebarth.org\/wp-content\/uploads\/2017\/03\/aura_des_mots_anne_barth.jpg","width":1024,"height":697,"caption":"L'aura des mots - 1996"},{"@type":"BreadcrumbList","@id":"https:\/\/www.annebarth.org\/index.php\/laura-des-mots\/#breadcrumb","itemListElement":[{"@type":"ListItem","position":1,"name":"Accueil","item":"https:\/\/www.annebarth.org\/"},{"@type":"ListItem","position":2,"name":"L&rsquo;aura des mots"}]},{"@type":"WebSite","@id":"https:\/\/www.annebarth.org\/#website","url":"https:\/\/www.annebarth.org\/","name":"Anne Barth, r\u00e9alisatrice","description":"","potentialAction":[{"@type":"SearchAction","target":{"@type":"EntryPoint","urlTemplate":"https:\/\/www.annebarth.org\/?s={search_term_string}"},"query-input":{"@type":"PropertyValueSpecification","valueRequired":true,"valueName":"search_term_string"}}],"inLanguage":"fr-FR"}]}},"_links":{"self":[{"href":"https:\/\/www.annebarth.org\/index.php\/wp-json\/wp\/v2\/pages\/118","targetHints":{"allow":["GET"]}}],"collection":[{"href":"https:\/\/www.annebarth.org\/index.php\/wp-json\/wp\/v2\/pages"}],"about":[{"href":"https:\/\/www.annebarth.org\/index.php\/wp-json\/wp\/v2\/types\/page"}],"author":[{"embeddable":true,"href":"https:\/\/www.annebarth.org\/index.php\/wp-json\/wp\/v2\/users\/1"}],"replies":[{"embeddable":true,"href":"https:\/\/www.annebarth.org\/index.php\/wp-json\/wp\/v2\/comments?post=118"}],"version-history":[{"count":1,"href":"https:\/\/www.annebarth.org\/index.php\/wp-json\/wp\/v2\/pages\/118\/revisions"}],"predecessor-version":[{"id":119,"href":"https:\/\/www.annebarth.org\/index.php\/wp-json\/wp\/v2\/pages\/118\/revisions\/119"}],"wp:featuredmedia":[{"embeddable":true,"href":"https:\/\/www.annebarth.org\/index.php\/wp-json\/wp\/v2\/media\/31"}],"wp:attachment":[{"href":"https:\/\/www.annebarth.org\/index.php\/wp-json\/wp\/v2\/media?parent=118"}],"curies":[{"name":"wp","href":"https:\/\/api.w.org\/{rel}","templated":true}]}}

<h3><span style="color: #008080;">L&rsquo;AURA DES MOTS<br />
</span></h3>
<p><iframe title="L&#039;aura des mots" src="https://player.vimeo.com/video/74487332?dnt=1&amp;app_id=122963" width="500" height="331" frameborder="0" allow="autoplay; fullscreen; picture-in-picture; clipboard-write; encrypted-media; web-share" referrerpolicy="strict-origin-when-cross-origin"></iframe></p>
<p><strong>1996 • 26 minutes<br />
</strong></p>
<p><em>L&rsquo;aura des mots est un essai sur la langue française avec Nicole Brossard, Marie-Claire Blais, Jeanne Hyvrard et Benoîte Groult.<br />
</em></p>
<p class="paragraph_style_2">

<p>L&rsquo;AURA DES MOTS 1996 • 26 minutes L&rsquo;aura des mots est un essai sur la langue française avec Nicole Brossard, Marie-Claire Blais, Jeanne Hyvrard et Benoîte Groult.</p>

<!-- This site is optimized with the Yoast SEO plugin v27.3 - https://yoast.com/product/yoast-seo-wordpress/ -->
<title>L&#039;aura des mots, un film essai de Anne Barth, réalisatrice.</title>
<meta name="description" content="L&#039;aura des mots est un essai sur la langue française avec Nicole Brossard, Marie-Claire Blais, Jeanne Hyvrard et Benoîte Groult." />
<meta name="robots" content="index, follow, max-snippet:-1, max-image-preview:large, max-video-preview:-1" />
<link rel="canonical" href="https://www.annebarth.org/index.php/laura-des-mots/" />
<meta property="og:locale" content="fr_FR" />
<meta property="og:type" content="article" />
<meta property="og:title" content="L&#039;aura des mots, un film essai de Anne Barth, réalisatrice." />
<meta property="og:description" content="L&#039;aura des mots est un essai sur la langue française avec Nicole Brossard, Marie-Claire Blais, Jeanne Hyvrard et Benoîte Groult." />
<meta property="og:url" content="https://www.annebarth.org/index.php/laura-des-mots/" />
<meta property="og:site_name" content="Anne Barth, réalisatrice" />
<meta property="og:image" content="https://www.annebarth.org/wp-content/uploads/2017/03/aura_des_mots_anne_barth.jpg" />
	<meta property="og:image:width" content="1024" />
	<meta property="og:image:height" content="697" />
	<meta property="og:image:type" content="image/jpeg" />
<meta name="twitter:card" content="summary_large_image" />
<script type="application/ld+json" class="yoast-schema-graph">{"@context":"https:\/\/schema.org","@graph":[{"@type":"WebPage","@id":"https:\/\/www.annebarth.org\/index.php\/laura-des-mots\/","url":"https:\/\/www.annebarth.org\/index.php\/laura-des-mots\/","name":"L'aura des mots, un film essai de Anne Barth, réalisatrice.","isPartOf":{"@id":"https:\/\/www.annebarth.org\/#website"},"primaryImageOfPage":{"@id":"https:\/\/www.annebarth.org\/index.php\/laura-des-mots\/#primaryimage"},"image":{"@id":"https:\/\/www.annebarth.org\/index.php\/laura-des-mots\/#primaryimage"},"thumbnailUrl":"https:\/\/www.annebarth.org\/wp-content\/uploads\/2017\/03\/aura_des_mots_anne_barth.jpg","datePublished":"2017-03-28T20:39:55+00:00","description":"L'aura des mots est un essai sur la langue française avec Nicole Brossard, Marie-Claire Blais, Jeanne Hyvrard et Benoîte Groult.","breadcrumb":{"@id":"https:\/\/www.annebarth.org\/index.php\/laura-des-mots\/#breadcrumb"},"inLanguage":"fr-FR","potentialAction":[{"@type":"ReadAction","target":["https:\/\/www.annebarth.org\/index.php\/laura-des-mots\/"]}]},{"@type":"ImageObject","inLanguage":"fr-FR","@id":"https:\/\/www.annebarth.org\/index.php\/laura-des-mots\/#primaryimage","url":"https:\/\/www.annebarth.org\/wp-content\/uploads\/2017\/03\/aura_des_mots_anne_barth.jpg","contentUrl":"https:\/\/www.annebarth.org\/wp-content\/uploads\/2017\/03\/aura_des_mots_anne_barth.jpg","width":1024,"height":697,"caption":"L'aura des mots - 1996"},{"@type":"BreadcrumbList","@id":"https:\/\/www.annebarth.org\/index.php\/laura-des-mots\/#breadcrumb","itemListElement":[{"@type":"ListItem","position":1,"name":"Accueil","item":"https:\/\/www.annebarth.org\/"},{"@type":"ListItem","position":2,"name":"L&rsquo;aura des mots"}]},{"@type":"WebSite","@id":"https:\/\/www.annebarth.org\/#website","url":"https:\/\/www.annebarth.org\/","name":"Anne Barth, réalisatrice","description":"","potentialAction":[{"@type":"SearchAction","target":{"@type":"EntryPoint","urlTemplate":"https:\/\/www.annebarth.org\/?s={search_term_string}"},"query-input":{"@type":"PropertyValueSpecification","valueRequired":true,"valueName":"search_term_string"}}],"inLanguage":"fr-FR"}]}</script>
<!-- / Yoast SEO plugin. -->

L'aura des mots, un film essai de Anne Barth, réalisatrice.

L'aura des mots est un essai sur la langue française avec Nicole Brossard, Marie-Claire Blais, Jeanne Hyvrard et Benoîte Groult.

Anne Barth, réalisatrice
