{"id":120,"date":"2017-03-28T22:47:41","date_gmt":"2017-03-28T20:47:41","guid":{"rendered":"http:\/\/www.annebarth.org\/?page_id=120"},"modified":"2017-03-28T22:47:41","modified_gmt":"2017-03-28T20:47:41","slug":"nuit-verte-parc-labyrinthe","status":"publish","type":"page","link":"https:\/\/www.annebarth.org\/index.php\/nuit-verte-parc-labyrinthe\/","title":{"rendered":"La nuit verte du parc Labyrinthe"},"content":{"rendered":"<h3><span style=\"color: #008080;\">LA NUIT VERTE DU PARC LABYRINTHE<br \/>\n<\/span><\/h3>\n<p><iframe title=\"La Nuit verte du parc Labyrinthe\" src=\"https:\/\/player.vimeo.com\/video\/74496871?dnt=1&amp;app_id=122963\" width=\"500\" height=\"375\" frameborder=\"0\" allow=\"autoplay; fullscreen; picture-in-picture; clipboard-write; encrypted-media; web-share\" referrerpolicy=\"strict-origin-when-cross-origin\"><\/iframe><\/p>\n<p><strong>1993 \u2022 24 minutes \u2022 version fran\u00e7aise sous titre anglais<br \/>\n<\/strong><\/p>\n<p class=\"paragraph_style_2\"><em>La nuit verte du parc Labyrinthe a \u00e9t\u00e9 r\u00e9alis\u00e9 d&rsquo;apr\u00e8s un texte de Nicole Brossard.<\/em><\/p>\n<p class=\"paragraph_style_2\">Nomin\u00e9 aux Rendez-Vous du Cin\u00e9ma Qu\u00e9b\u00e9cois en 1994<\/p>\n<p class=\"paragraph_style_2\">En comp\u00e9tition \u00e0 Silence elles tournent \u00e0 Montr\u00e9al en 1994<\/p>\n<p class=\"paragraph_style_2\">S\u00e9lection au Festival Images de Toronto en 1994<\/p>\n<p class=\"paragraph_style_2\">S\u00e9lection au Festival Women&rsquo;s Reel Vision d&rsquo;Halifax en 1994<\/p>\n<p class=\"paragraph_style_2\">S\u00e9lection au Festival International du cin\u00e9ma francophone en Acadie en 1994<\/p>\n<p class=\"paragraph_style_2\">\u00c9mission \u00ab\u00a0A l&rsquo;\u00e9cran\u00a0\u00bb, Radio Canada FM, le 15 avril 1994<\/p>\n<p class=\"paragraph_style_2\">Diffusion sur TV5 le 14 novembre 1994, \u00e0 l&rsquo;\u00e9mission T\u00e9l\u00e9-objectif<\/p>\n<p class=\"paragraph_style_2\">Diffusion sur TV5 le 11 janvier 1996<\/p>\n<p class=\"paragraph_style_2\">Diffusion sur WTN \u00e0 \u00ab\u00a0A change of View\u00a0\u00bb, le 25 avril 1996<\/p>\n<p class=\"paragraph_style_2\">Diffusion sur T\u00e9l\u00e9-Qu\u00e9bec le 8 mars 1998 et en 1999<\/p>\n<p class=\"paragraph_style_2\">Pr\u00e9sentation au Centre culturel canadien-Paris, juin 98<span class=\"style\"><br \/>\n<\/span><\/p>\n<p>&nbsp;<\/p>\n","protected":false},"excerpt":{"rendered":"<p>LA NUIT VERTE DU PARC LABYRINTHE 1993 \u2022 24 minutes \u2022 version fran\u00e7aise sous titre anglais La nuit verte du parc Labyrinthe a \u00e9t\u00e9 r\u00e9alis\u00e9 d&rsquo;apr\u00e8s un texte de Nicole Brossard. Nomin\u00e9 aux Rendez-Vous du Cin\u00e9ma Qu\u00e9b\u00e9cois en 1994 En comp\u00e9tition \u00e0 Silence elles tournent \u00e0 Montr\u00e9al en 1994 S\u00e9lection au Festival Images de Toronto<br \/><a class=\"moretag\" href=\"https:\/\/www.annebarth.org\/index.php\/nuit-verte-parc-labyrinthe\/\">+ Read More<\/a><\/p>\n","protected":false},"author":1,"featured_media":34,"parent":0,"menu_order":0,"comment_status":"closed","ping_status":"closed","template":"template_parts\/page-fullwidth_template.php","meta":{"footnotes":""},"class_list":["post-120","page","type-page","status-publish","has-post-thumbnail","hentry"],"yoast_head":"<!-- This site is optimized with the Yoast SEO plugin v27.3 - https:\/\/yoast.com\/product\/yoast-seo-wordpress\/ -->\n<title>La nuit verte du parc Labyrinthe, un film de Anne Barth<\/title>\n<meta name=\"description\" content=\"La nuit verte du parc Labyrinthe, un film de Anne Barth, r\u00e9alis\u00e9 en 1993, d&#039;apr\u00e8s un texte de Nicole Brossard. S\u00e9lectionn\u00e9 au festival de Toronto.\" \/>\n<meta name=\"robots\" content=\"index, follow, max-snippet:-1, max-image-preview:large, max-video-preview:-1\" \/>\n<link rel=\"canonical\" href=\"https:\/\/www.annebarth.org\/index.php\/nuit-verte-parc-labyrinthe\/\" \/>\n<meta property=\"og:locale\" content=\"fr_FR\" \/>\n<meta property=\"og:type\" content=\"article\" \/>\n<meta property=\"og:title\" content=\"La nuit verte du parc Labyrinthe, un film de Anne Barth\" \/>\n<meta property=\"og:description\" content=\"La nuit verte du parc Labyrinthe, un film de Anne Barth, r\u00e9alis\u00e9 en 1993, d&#039;apr\u00e8s un texte de Nicole Brossard. S\u00e9lectionn\u00e9 au festival de Toronto.\" \/>\n<meta property=\"og:url\" content=\"https:\/\/www.annebarth.org\/index.php\/nuit-verte-parc-labyrinthe\/\" \/>\n<meta property=\"og:site_name\" content=\"Anne Barth, r\u00e9alisatrice\" \/>\n<meta property=\"og:image\" content=\"https:\/\/www.annebarth.org\/wp-content\/uploads\/2017\/03\/nuit_verte_anne_barth.jpg\" \/>\n\t<meta property=\"og:image:width\" content=\"1024\" \/>\n\t<meta property=\"og:image:height\" content=\"702\" \/>\n\t<meta property=\"og:image:type\" content=\"image\/jpeg\" \/>\n<meta name=\"twitter:card\" content=\"summary_large_image\" \/>\n<meta name=\"twitter:label1\" content=\"Dur\u00e9e de lecture estim\u00e9e\" \/>\n\t<meta name=\"twitter:data1\" content=\"1 minute\" \/>\n<script type=\"application\/ld+json\" class=\"yoast-schema-graph\">{\"@context\":\"https:\\\/\\\/schema.org\",\"@graph\":[{\"@type\":\"WebPage\",\"@id\":\"https:\\\/\\\/www.annebarth.org\\\/index.php\\\/nuit-verte-parc-labyrinthe\\\/\",\"url\":\"https:\\\/\\\/www.annebarth.org\\\/index.php\\\/nuit-verte-parc-labyrinthe\\\/\",\"name\":\"La nuit verte du parc Labyrinthe, un film de Anne Barth\",\"isPartOf\":{\"@id\":\"https:\\\/\\\/www.annebarth.org\\\/#website\"},\"primaryImageOfPage\":{\"@id\":\"https:\\\/\\\/www.annebarth.org\\\/index.php\\\/nuit-verte-parc-labyrinthe\\\/#primaryimage\"},\"image\":{\"@id\":\"https:\\\/\\\/www.annebarth.org\\\/index.php\\\/nuit-verte-parc-labyrinthe\\\/#primaryimage\"},\"thumbnailUrl\":\"https:\\\/\\\/www.annebarth.org\\\/wp-content\\\/uploads\\\/2017\\\/03\\\/nuit_verte_anne_barth.jpg\",\"datePublished\":\"2017-03-28T20:47:41+00:00\",\"description\":\"La nuit verte du parc Labyrinthe, un film de Anne Barth, r\u00e9alis\u00e9 en 1993, d'apr\u00e8s un texte de Nicole Brossard. S\u00e9lectionn\u00e9 au festival de Toronto.\",\"breadcrumb\":{\"@id\":\"https:\\\/\\\/www.annebarth.org\\\/index.php\\\/nuit-verte-parc-labyrinthe\\\/#breadcrumb\"},\"inLanguage\":\"fr-FR\",\"potentialAction\":[{\"@type\":\"ReadAction\",\"target\":[\"https:\\\/\\\/www.annebarth.org\\\/index.php\\\/nuit-verte-parc-labyrinthe\\\/\"]}]},{\"@type\":\"ImageObject\",\"inLanguage\":\"fr-FR\",\"@id\":\"https:\\\/\\\/www.annebarth.org\\\/index.php\\\/nuit-verte-parc-labyrinthe\\\/#primaryimage\",\"url\":\"https:\\\/\\\/www.annebarth.org\\\/wp-content\\\/uploads\\\/2017\\\/03\\\/nuit_verte_anne_barth.jpg\",\"contentUrl\":\"https:\\\/\\\/www.annebarth.org\\\/wp-content\\\/uploads\\\/2017\\\/03\\\/nuit_verte_anne_barth.jpg\",\"width\":1024,\"height\":702,\"caption\":\"La nuit verte du parc Labyrinthe - 1993\"},{\"@type\":\"BreadcrumbList\",\"@id\":\"https:\\\/\\\/www.annebarth.org\\\/index.php\\\/nuit-verte-parc-labyrinthe\\\/#breadcrumb\",\"itemListElement\":[{\"@type\":\"ListItem\",\"position\":1,\"name\":\"Accueil\",\"item\":\"https:\\\/\\\/www.annebarth.org\\\/\"},{\"@type\":\"ListItem\",\"position\":2,\"name\":\"La nuit verte du parc Labyrinthe\"}]},{\"@type\":\"WebSite\",\"@id\":\"https:\\\/\\\/www.annebarth.org\\\/#website\",\"url\":\"https:\\\/\\\/www.annebarth.org\\\/\",\"name\":\"Anne Barth, r\u00e9alisatrice\",\"description\":\"\",\"potentialAction\":[{\"@type\":\"SearchAction\",\"target\":{\"@type\":\"EntryPoint\",\"urlTemplate\":\"https:\\\/\\\/www.annebarth.org\\\/?s={search_term_string}\"},\"query-input\":{\"@type\":\"PropertyValueSpecification\",\"valueRequired\":true,\"valueName\":\"search_term_string\"}}],\"inLanguage\":\"fr-FR\"}]}<\/script>\n<!-- \/ Yoast SEO plugin. -->","yoast_head_json":{"title":"La nuit verte du parc Labyrinthe, un film de Anne Barth","description":"La nuit verte du parc Labyrinthe, un film de Anne Barth, r\u00e9alis\u00e9 en 1993, d'apr\u00e8s un texte de Nicole Brossard. S\u00e9lectionn\u00e9 au festival de Toronto.","robots":{"index":"index","follow":"follow","max-snippet":"max-snippet:-1","max-image-preview":"max-image-preview:large","max-video-preview":"max-video-preview:-1"},"canonical":"https:\/\/www.annebarth.org\/index.php\/nuit-verte-parc-labyrinthe\/","og_locale":"fr_FR","og_type":"article","og_title":"La nuit verte du parc Labyrinthe, un film de Anne Barth","og_description":"La nuit verte du parc Labyrinthe, un film de Anne Barth, r\u00e9alis\u00e9 en 1993, d'apr\u00e8s un texte de Nicole Brossard. S\u00e9lectionn\u00e9 au festival de Toronto.","og_url":"https:\/\/www.annebarth.org\/index.php\/nuit-verte-parc-labyrinthe\/","og_site_name":"Anne Barth, r\u00e9alisatrice","og_image":[{"width":1024,"height":702,"url":"https:\/\/www.annebarth.org\/wp-content\/uploads\/2017\/03\/nuit_verte_anne_barth.jpg","type":"image\/jpeg"}],"twitter_card":"summary_large_image","twitter_misc":{"Dur\u00e9e de lecture estim\u00e9e":"1 minute"},"schema":{"@context":"https:\/\/schema.org","@graph":[{"@type":"WebPage","@id":"https:\/\/www.annebarth.org\/index.php\/nuit-verte-parc-labyrinthe\/","url":"https:\/\/www.annebarth.org\/index.php\/nuit-verte-parc-labyrinthe\/","name":"La nuit verte du parc Labyrinthe, un film de Anne Barth","isPartOf":{"@id":"https:\/\/www.annebarth.org\/#website"},"primaryImageOfPage":{"@id":"https:\/\/www.annebarth.org\/index.php\/nuit-verte-parc-labyrinthe\/#primaryimage"},"image":{"@id":"https:\/\/www.annebarth.org\/index.php\/nuit-verte-parc-labyrinthe\/#primaryimage"},"thumbnailUrl":"https:\/\/www.annebarth.org\/wp-content\/uploads\/2017\/03\/nuit_verte_anne_barth.jpg","datePublished":"2017-03-28T20:47:41+00:00","description":"La nuit verte du parc Labyrinthe, un film de Anne Barth, r\u00e9alis\u00e9 en 1993, d'apr\u00e8s un texte de Nicole Brossard. S\u00e9lectionn\u00e9 au festival de Toronto.","breadcrumb":{"@id":"https:\/\/www.annebarth.org\/index.php\/nuit-verte-parc-labyrinthe\/#breadcrumb"},"inLanguage":"fr-FR","potentialAction":[{"@type":"ReadAction","target":["https:\/\/www.annebarth.org\/index.php\/nuit-verte-parc-labyrinthe\/"]}]},{"@type":"ImageObject","inLanguage":"fr-FR","@id":"https:\/\/www.annebarth.org\/index.php\/nuit-verte-parc-labyrinthe\/#primaryimage","url":"https:\/\/www.annebarth.org\/wp-content\/uploads\/2017\/03\/nuit_verte_anne_barth.jpg","contentUrl":"https:\/\/www.annebarth.org\/wp-content\/uploads\/2017\/03\/nuit_verte_anne_barth.jpg","width":1024,"height":702,"caption":"La nuit verte du parc Labyrinthe - 1993"},{"@type":"BreadcrumbList","@id":"https:\/\/www.annebarth.org\/index.php\/nuit-verte-parc-labyrinthe\/#breadcrumb","itemListElement":[{"@type":"ListItem","position":1,"name":"Accueil","item":"https:\/\/www.annebarth.org\/"},{"@type":"ListItem","position":2,"name":"La nuit verte du parc Labyrinthe"}]},{"@type":"WebSite","@id":"https:\/\/www.annebarth.org\/#website","url":"https:\/\/www.annebarth.org\/","name":"Anne Barth, r\u00e9alisatrice","description":"","potentialAction":[{"@type":"SearchAction","target":{"@type":"EntryPoint","urlTemplate":"https:\/\/www.annebarth.org\/?s={search_term_string}"},"query-input":{"@type":"PropertyValueSpecification","valueRequired":true,"valueName":"search_term_string"}}],"inLanguage":"fr-FR"}]}},"_links":{"self":[{"href":"https:\/\/www.annebarth.org\/index.php\/wp-json\/wp\/v2\/pages\/120","targetHints":{"allow":["GET"]}}],"collection":[{"href":"https:\/\/www.annebarth.org\/index.php\/wp-json\/wp\/v2\/pages"}],"about":[{"href":"https:\/\/www.annebarth.org\/index.php\/wp-json\/wp\/v2\/types\/page"}],"author":[{"embeddable":true,"href":"https:\/\/www.annebarth.org\/index.php\/wp-json\/wp\/v2\/users\/1"}],"replies":[{"embeddable":true,"href":"https:\/\/www.annebarth.org\/index.php\/wp-json\/wp\/v2\/comments?post=120"}],"version-history":[{"count":2,"href":"https:\/\/www.annebarth.org\/index.php\/wp-json\/wp\/v2\/pages\/120\/revisions"}],"predecessor-version":[{"id":123,"href":"https:\/\/www.annebarth.org\/index.php\/wp-json\/wp\/v2\/pages\/120\/revisions\/123"}],"wp:featuredmedia":[{"embeddable":true,"href":"https:\/\/www.annebarth.org\/index.php\/wp-json\/wp\/v2\/media\/34"}],"wp:attachment":[{"href":"https:\/\/www.annebarth.org\/index.php\/wp-json\/wp\/v2\/media?parent=120"}],"curies":[{"name":"wp","href":"https:\/\/api.w.org\/{rel}","templated":true}]}}

<h3><span style="color: #008080;">LA NUIT VERTE DU PARC LABYRINTHE<br />
</span></h3>
<p><iframe title="La Nuit verte du parc Labyrinthe" src="https://player.vimeo.com/video/74496871?dnt=1&amp;app_id=122963" width="500" height="375" frameborder="0" allow="autoplay; fullscreen; picture-in-picture; clipboard-write; encrypted-media; web-share" referrerpolicy="strict-origin-when-cross-origin"></iframe></p>
<p><strong>1993 • 24 minutes • version française sous titre anglais<br />
</strong></p>
<p class="paragraph_style_2"><em>La nuit verte du parc Labyrinthe a été réalisé d&rsquo;après un texte de Nicole Brossard.</em></p>
<p class="paragraph_style_2">Nominé aux Rendez-Vous du Cinéma Québécois en 1994</p>
<p class="paragraph_style_2">En compétition à Silence elles tournent à Montréal en 1994</p>
<p class="paragraph_style_2">Sélection au Festival Images de Toronto en 1994</p>
<p class="paragraph_style_2">Sélection au Festival Women&rsquo;s Reel Vision d&rsquo;Halifax en 1994</p>
<p class="paragraph_style_2">Sélection au Festival International du cinéma francophone en Acadie en 1994</p>
<p class="paragraph_style_2">Émission « A l&rsquo;écran », Radio Canada FM, le 15 avril 1994</p>
<p class="paragraph_style_2">Diffusion sur TV5 le 14 novembre 1994, à l&rsquo;émission Télé-objectif</p>
<p class="paragraph_style_2">Diffusion sur TV5 le 11 janvier 1996</p>
<p class="paragraph_style_2">Diffusion sur WTN à « A change of View », le 25 avril 1996</p>
<p class="paragraph_style_2">Diffusion sur Télé-Québec le 8 mars 1998 et en 1999</p>
<p class="paragraph_style_2">Présentation au Centre culturel canadien-Paris, juin 98<span class="style"><br />
</span></p>
<p>&nbsp;</p>

<p>LA NUIT VERTE DU PARC LABYRINTHE 1993 • 24 minutes • version française sous titre anglais La nuit verte du parc Labyrinthe a été réalisé d&rsquo;après un texte de Nicole Brossard. Nominé aux Rendez-Vous du Cinéma Québécois en 1994 En compétition à Silence elles tournent à Montréal en 1994 Sélection au Festival Images de Toronto<br /><a class="moretag" href="https://www.annebarth.org/index.php/nuit-verte-parc-labyrinthe/">+ Read More</a></p>

<!-- This site is optimized with the Yoast SEO plugin v27.3 - https://yoast.com/product/yoast-seo-wordpress/ -->
<title>La nuit verte du parc Labyrinthe, un film de Anne Barth</title>
<meta name="description" content="La nuit verte du parc Labyrinthe, un film de Anne Barth, réalisé en 1993, d&#039;après un texte de Nicole Brossard. Sélectionné au festival de Toronto." />
<meta name="robots" content="index, follow, max-snippet:-1, max-image-preview:large, max-video-preview:-1" />
<link rel="canonical" href="https://www.annebarth.org/index.php/nuit-verte-parc-labyrinthe/" />
<meta property="og:locale" content="fr_FR" />
<meta property="og:type" content="article" />
<meta property="og:title" content="La nuit verte du parc Labyrinthe, un film de Anne Barth" />
<meta property="og:description" content="La nuit verte du parc Labyrinthe, un film de Anne Barth, réalisé en 1993, d&#039;après un texte de Nicole Brossard. Sélectionné au festival de Toronto." />
<meta property="og:url" content="https://www.annebarth.org/index.php/nuit-verte-parc-labyrinthe/" />
<meta property="og:site_name" content="Anne Barth, réalisatrice" />
<meta property="og:image" content="https://www.annebarth.org/wp-content/uploads/2017/03/nuit_verte_anne_barth.jpg" />
	<meta property="og:image:width" content="1024" />
	<meta property="og:image:height" content="702" />
	<meta property="og:image:type" content="image/jpeg" />
<meta name="twitter:card" content="summary_large_image" />
<meta name="twitter:label1" content="Durée de lecture estimée" />
	<meta name="twitter:data1" content="1 minute" />
<script type="application/ld+json" class="yoast-schema-graph">{"@context":"https:\/\/schema.org","@graph":[{"@type":"WebPage","@id":"https:\/\/www.annebarth.org\/index.php\/nuit-verte-parc-labyrinthe\/","url":"https:\/\/www.annebarth.org\/index.php\/nuit-verte-parc-labyrinthe\/","name":"La nuit verte du parc Labyrinthe, un film de Anne Barth","isPartOf":{"@id":"https:\/\/www.annebarth.org\/#website"},"primaryImageOfPage":{"@id":"https:\/\/www.annebarth.org\/index.php\/nuit-verte-parc-labyrinthe\/#primaryimage"},"image":{"@id":"https:\/\/www.annebarth.org\/index.php\/nuit-verte-parc-labyrinthe\/#primaryimage"},"thumbnailUrl":"https:\/\/www.annebarth.org\/wp-content\/uploads\/2017\/03\/nuit_verte_anne_barth.jpg","datePublished":"2017-03-28T20:47:41+00:00","description":"La nuit verte du parc Labyrinthe, un film de Anne Barth, réalisé en 1993, d'après un texte de Nicole Brossard. Sélectionné au festival de Toronto.","breadcrumb":{"@id":"https:\/\/www.annebarth.org\/index.php\/nuit-verte-parc-labyrinthe\/#breadcrumb"},"inLanguage":"fr-FR","potentialAction":[{"@type":"ReadAction","target":["https:\/\/www.annebarth.org\/index.php\/nuit-verte-parc-labyrinthe\/"]}]},{"@type":"ImageObject","inLanguage":"fr-FR","@id":"https:\/\/www.annebarth.org\/index.php\/nuit-verte-parc-labyrinthe\/#primaryimage","url":"https:\/\/www.annebarth.org\/wp-content\/uploads\/2017\/03\/nuit_verte_anne_barth.jpg","contentUrl":"https:\/\/www.annebarth.org\/wp-content\/uploads\/2017\/03\/nuit_verte_anne_barth.jpg","width":1024,"height":702,"caption":"La nuit verte du parc Labyrinthe - 1993"},{"@type":"BreadcrumbList","@id":"https:\/\/www.annebarth.org\/index.php\/nuit-verte-parc-labyrinthe\/#breadcrumb","itemListElement":[{"@type":"ListItem","position":1,"name":"Accueil","item":"https:\/\/www.annebarth.org\/"},{"@type":"ListItem","position":2,"name":"La nuit verte du parc Labyrinthe"}]},{"@type":"WebSite","@id":"https:\/\/www.annebarth.org\/#website","url":"https:\/\/www.annebarth.org\/","name":"Anne Barth, réalisatrice","description":"","potentialAction":[{"@type":"SearchAction","target":{"@type":"EntryPoint","urlTemplate":"https:\/\/www.annebarth.org\/?s={search_term_string}"},"query-input":{"@type":"PropertyValueSpecification","valueRequired":true,"valueName":"search_term_string"}}],"inLanguage":"fr-FR"}]}</script>
<!-- / Yoast SEO plugin. -->

La nuit verte du parc Labyrinthe, un film de Anne Barth, réalisé en 1993, d'après un texte de Nicole Brossard. Sélectionné au festival de Toronto.

Anne Barth, réalisatrice
