{"id":125,"date":"2017-03-28T22:53:23","date_gmt":"2017-03-28T20:53:23","guid":{"rendered":"http:\/\/www.annebarth.org\/?page_id=125"},"modified":"2017-03-28T22:53:23","modified_gmt":"2017-03-28T20:53:23","slug":"tandava","status":"publish","type":"page","link":"https:\/\/www.annebarth.org\/index.php\/tandava\/","title":{"rendered":"Tandava"},"content":{"rendered":"<h3><span style=\"color: #008080;\">TANDAVA<br \/>\n<\/span><\/h3>\n<p><iframe title=\"tandava\" src=\"https:\/\/player.vimeo.com\/video\/74496872?dnt=1&amp;app_id=122963\" width=\"500\" height=\"345\" frameborder=\"0\" allow=\"autoplay; fullscreen; picture-in-picture; clipboard-write; encrypted-media; web-share\" referrerpolicy=\"strict-origin-when-cross-origin\"><\/iframe><\/p>\n<p><strong>1991 \u2022 13 minutes \u2022 vid\u00e9o d&rsquo;art<br \/>\n<\/strong><\/p>\n<p class=\"paragraph_style_3\">Tandava a obtenu le Premier Prix au FFM, Festival des Films du Monde de Montr\u00e9al (Festival du Film \u00c9tudiant Canadien) en 1992(prod. coll.- UQAM)<\/p>\n<p class=\"paragraph_style_3\">Cette vid\u00e9o a \u00e9galement \u00e9t\u00e9 s\u00e9lectionn\u00e9e en comp\u00e9tition au 5\u00e8me Grand Prix international de Vid\u00e9o Danse de 1992 et pr\u00e9sent\u00e9e, en 1992 au Festival des Films de Femmes de Cr\u00e9teil en France et en 1993 aux Rendez-vous du Cin\u00e9ma Qu\u00e9b\u00e9cois.<\/p>\n<p class=\"paragraph_style_3\">Tandava a \u00e9t\u00e9 s\u00e9lectionn\u00e9 en 2002 par Silence, on court! pour une programmation sur le WEB et ARTV.<\/p>\n<p>&nbsp;<\/p>\n","protected":false},"excerpt":{"rendered":"<p>TANDAVA 1991 \u2022 13 minutes \u2022 vid\u00e9o d&rsquo;art Tandava a obtenu le Premier Prix au FFM, Festival des Films du Monde de Montr\u00e9al (Festival du Film \u00c9tudiant Canadien) en 1992(prod. coll.- UQAM) Cette vid\u00e9o a \u00e9galement \u00e9t\u00e9 s\u00e9lectionn\u00e9e en comp\u00e9tition au 5\u00e8me Grand Prix international de Vid\u00e9o Danse de 1992 et pr\u00e9sent\u00e9e, en 1992 au<br \/><a class=\"moretag\" href=\"https:\/\/www.annebarth.org\/index.php\/tandava\/\">+ Read More<\/a><\/p>\n","protected":false},"author":1,"featured_media":39,"parent":0,"menu_order":0,"comment_status":"closed","ping_status":"closed","template":"template_parts\/page-fullwidth_template.php","meta":{"footnotes":""},"class_list":["post-125","page","type-page","status-publish","has-post-thumbnail","hentry"],"yoast_head":"<!-- This site is optimized with the Yoast SEO plugin v27.3 - https:\/\/yoast.com\/product\/yoast-seo-wordpress\/ -->\n<title>Tandava, une vid\u00e9o d&#039;art de Anne Barth, r\u00e9alis\u00e9e en 1991<\/title>\n<meta name=\"description\" content=\"Tandava a obtenu le premier prix au FFM, s\u00e9lectionn\u00e9e au Festival de Films de Femmes de Cr\u00e9teil, diffus\u00e9e sur ARTV. Un film de Anne Barth.\" \/>\n<meta name=\"robots\" content=\"index, follow, max-snippet:-1, max-image-preview:large, max-video-preview:-1\" \/>\n<link rel=\"canonical\" href=\"https:\/\/www.annebarth.org\/index.php\/tandava\/\" \/>\n<meta property=\"og:locale\" content=\"fr_FR\" \/>\n<meta property=\"og:type\" content=\"article\" \/>\n<meta property=\"og:title\" content=\"Tandava, une vid\u00e9o d&#039;art de Anne Barth, r\u00e9alis\u00e9e en 1991\" \/>\n<meta property=\"og:description\" content=\"Tandava a obtenu le premier prix au FFM, s\u00e9lectionn\u00e9e au Festival de Films de Femmes de Cr\u00e9teil, diffus\u00e9e sur ARTV. Un film de Anne Barth.\" \/>\n<meta property=\"og:url\" content=\"https:\/\/www.annebarth.org\/index.php\/tandava\/\" \/>\n<meta property=\"og:site_name\" content=\"Anne Barth, r\u00e9alisatrice\" \/>\n<meta property=\"og:image\" content=\"https:\/\/www.annebarth.org\/wp-content\/uploads\/2017\/03\/tandava_anne_barth.jpg\" \/>\n\t<meta property=\"og:image:width\" content=\"1024\" \/>\n\t<meta property=\"og:image:height\" content=\"732\" \/>\n\t<meta property=\"og:image:type\" content=\"image\/jpeg\" \/>\n<meta name=\"twitter:card\" content=\"summary_large_image\" \/>\n<meta name=\"twitter:label1\" content=\"Dur\u00e9e de lecture estim\u00e9e\" \/>\n\t<meta name=\"twitter:data1\" content=\"1 minute\" \/>\n<script type=\"application\/ld+json\" class=\"yoast-schema-graph\">{\"@context\":\"https:\\\/\\\/schema.org\",\"@graph\":[{\"@type\":\"WebPage\",\"@id\":\"https:\\\/\\\/www.annebarth.org\\\/index.php\\\/tandava\\\/\",\"url\":\"https:\\\/\\\/www.annebarth.org\\\/index.php\\\/tandava\\\/\",\"name\":\"Tandava, une vid\u00e9o d'art de Anne Barth, r\u00e9alis\u00e9e en 1991\",\"isPartOf\":{\"@id\":\"https:\\\/\\\/www.annebarth.org\\\/#website\"},\"primaryImageOfPage\":{\"@id\":\"https:\\\/\\\/www.annebarth.org\\\/index.php\\\/tandava\\\/#primaryimage\"},\"image\":{\"@id\":\"https:\\\/\\\/www.annebarth.org\\\/index.php\\\/tandava\\\/#primaryimage\"},\"thumbnailUrl\":\"https:\\\/\\\/www.annebarth.org\\\/wp-content\\\/uploads\\\/2017\\\/03\\\/tandava_anne_barth.jpg\",\"datePublished\":\"2017-03-28T20:53:23+00:00\",\"description\":\"Tandava a obtenu le premier prix au FFM, s\u00e9lectionn\u00e9e au Festival de Films de Femmes de Cr\u00e9teil, diffus\u00e9e sur ARTV. Un film de Anne Barth.\",\"breadcrumb\":{\"@id\":\"https:\\\/\\\/www.annebarth.org\\\/index.php\\\/tandava\\\/#breadcrumb\"},\"inLanguage\":\"fr-FR\",\"potentialAction\":[{\"@type\":\"ReadAction\",\"target\":[\"https:\\\/\\\/www.annebarth.org\\\/index.php\\\/tandava\\\/\"]}]},{\"@type\":\"ImageObject\",\"inLanguage\":\"fr-FR\",\"@id\":\"https:\\\/\\\/www.annebarth.org\\\/index.php\\\/tandava\\\/#primaryimage\",\"url\":\"https:\\\/\\\/www.annebarth.org\\\/wp-content\\\/uploads\\\/2017\\\/03\\\/tandava_anne_barth.jpg\",\"contentUrl\":\"https:\\\/\\\/www.annebarth.org\\\/wp-content\\\/uploads\\\/2017\\\/03\\\/tandava_anne_barth.jpg\",\"width\":1024,\"height\":732,\"caption\":\"Tandava - 1991\"},{\"@type\":\"BreadcrumbList\",\"@id\":\"https:\\\/\\\/www.annebarth.org\\\/index.php\\\/tandava\\\/#breadcrumb\",\"itemListElement\":[{\"@type\":\"ListItem\",\"position\":1,\"name\":\"Accueil\",\"item\":\"https:\\\/\\\/www.annebarth.org\\\/\"},{\"@type\":\"ListItem\",\"position\":2,\"name\":\"Tandava\"}]},{\"@type\":\"WebSite\",\"@id\":\"https:\\\/\\\/www.annebarth.org\\\/#website\",\"url\":\"https:\\\/\\\/www.annebarth.org\\\/\",\"name\":\"Anne Barth, r\u00e9alisatrice\",\"description\":\"\",\"potentialAction\":[{\"@type\":\"SearchAction\",\"target\":{\"@type\":\"EntryPoint\",\"urlTemplate\":\"https:\\\/\\\/www.annebarth.org\\\/?s={search_term_string}\"},\"query-input\":{\"@type\":\"PropertyValueSpecification\",\"valueRequired\":true,\"valueName\":\"search_term_string\"}}],\"inLanguage\":\"fr-FR\"}]}<\/script>\n<!-- \/ Yoast SEO plugin. -->","yoast_head_json":{"title":"Tandava, une vid\u00e9o d'art de Anne Barth, r\u00e9alis\u00e9e en 1991","description":"Tandava a obtenu le premier prix au FFM, s\u00e9lectionn\u00e9e au Festival de Films de Femmes de Cr\u00e9teil, diffus\u00e9e sur ARTV. Un film de Anne Barth.","robots":{"index":"index","follow":"follow","max-snippet":"max-snippet:-1","max-image-preview":"max-image-preview:large","max-video-preview":"max-video-preview:-1"},"canonical":"https:\/\/www.annebarth.org\/index.php\/tandava\/","og_locale":"fr_FR","og_type":"article","og_title":"Tandava, une vid\u00e9o d'art de Anne Barth, r\u00e9alis\u00e9e en 1991","og_description":"Tandava a obtenu le premier prix au FFM, s\u00e9lectionn\u00e9e au Festival de Films de Femmes de Cr\u00e9teil, diffus\u00e9e sur ARTV. Un film de Anne Barth.","og_url":"https:\/\/www.annebarth.org\/index.php\/tandava\/","og_site_name":"Anne Barth, r\u00e9alisatrice","og_image":[{"width":1024,"height":732,"url":"https:\/\/www.annebarth.org\/wp-content\/uploads\/2017\/03\/tandava_anne_barth.jpg","type":"image\/jpeg"}],"twitter_card":"summary_large_image","twitter_misc":{"Dur\u00e9e de lecture estim\u00e9e":"1 minute"},"schema":{"@context":"https:\/\/schema.org","@graph":[{"@type":"WebPage","@id":"https:\/\/www.annebarth.org\/index.php\/tandava\/","url":"https:\/\/www.annebarth.org\/index.php\/tandava\/","name":"Tandava, une vid\u00e9o d'art de Anne Barth, r\u00e9alis\u00e9e en 1991","isPartOf":{"@id":"https:\/\/www.annebarth.org\/#website"},"primaryImageOfPage":{"@id":"https:\/\/www.annebarth.org\/index.php\/tandava\/#primaryimage"},"image":{"@id":"https:\/\/www.annebarth.org\/index.php\/tandava\/#primaryimage"},"thumbnailUrl":"https:\/\/www.annebarth.org\/wp-content\/uploads\/2017\/03\/tandava_anne_barth.jpg","datePublished":"2017-03-28T20:53:23+00:00","description":"Tandava a obtenu le premier prix au FFM, s\u00e9lectionn\u00e9e au Festival de Films de Femmes de Cr\u00e9teil, diffus\u00e9e sur ARTV. Un film de Anne Barth.","breadcrumb":{"@id":"https:\/\/www.annebarth.org\/index.php\/tandava\/#breadcrumb"},"inLanguage":"fr-FR","potentialAction":[{"@type":"ReadAction","target":["https:\/\/www.annebarth.org\/index.php\/tandava\/"]}]},{"@type":"ImageObject","inLanguage":"fr-FR","@id":"https:\/\/www.annebarth.org\/index.php\/tandava\/#primaryimage","url":"https:\/\/www.annebarth.org\/wp-content\/uploads\/2017\/03\/tandava_anne_barth.jpg","contentUrl":"https:\/\/www.annebarth.org\/wp-content\/uploads\/2017\/03\/tandava_anne_barth.jpg","width":1024,"height":732,"caption":"Tandava - 1991"},{"@type":"BreadcrumbList","@id":"https:\/\/www.annebarth.org\/index.php\/tandava\/#breadcrumb","itemListElement":[{"@type":"ListItem","position":1,"name":"Accueil","item":"https:\/\/www.annebarth.org\/"},{"@type":"ListItem","position":2,"name":"Tandava"}]},{"@type":"WebSite","@id":"https:\/\/www.annebarth.org\/#website","url":"https:\/\/www.annebarth.org\/","name":"Anne Barth, r\u00e9alisatrice","description":"","potentialAction":[{"@type":"SearchAction","target":{"@type":"EntryPoint","urlTemplate":"https:\/\/www.annebarth.org\/?s={search_term_string}"},"query-input":{"@type":"PropertyValueSpecification","valueRequired":true,"valueName":"search_term_string"}}],"inLanguage":"fr-FR"}]}},"_links":{"self":[{"href":"https:\/\/www.annebarth.org\/index.php\/wp-json\/wp\/v2\/pages\/125","targetHints":{"allow":["GET"]}}],"collection":[{"href":"https:\/\/www.annebarth.org\/index.php\/wp-json\/wp\/v2\/pages"}],"about":[{"href":"https:\/\/www.annebarth.org\/index.php\/wp-json\/wp\/v2\/types\/page"}],"author":[{"embeddable":true,"href":"https:\/\/www.annebarth.org\/index.php\/wp-json\/wp\/v2\/users\/1"}],"replies":[{"embeddable":true,"href":"https:\/\/www.annebarth.org\/index.php\/wp-json\/wp\/v2\/comments?post=125"}],"version-history":[{"count":1,"href":"https:\/\/www.annebarth.org\/index.php\/wp-json\/wp\/v2\/pages\/125\/revisions"}],"predecessor-version":[{"id":126,"href":"https:\/\/www.annebarth.org\/index.php\/wp-json\/wp\/v2\/pages\/125\/revisions\/126"}],"wp:featuredmedia":[{"embeddable":true,"href":"https:\/\/www.annebarth.org\/index.php\/wp-json\/wp\/v2\/media\/39"}],"wp:attachment":[{"href":"https:\/\/www.annebarth.org\/index.php\/wp-json\/wp\/v2\/media?parent=125"}],"curies":[{"name":"wp","href":"https:\/\/api.w.org\/{rel}","templated":true}]}}