{"id":21,"date":"2017-03-23T14:01:08","date_gmt":"2017-03-23T13:01:08","guid":{"rendered":"http:\/\/www.annebarth.org\/?page_id=21"},"modified":"2019-08-19T12:30:15","modified_gmt":"2019-08-19T10:30:15","slug":"biographie","status":"publish","type":"page","link":"https:\/\/www.annebarth.org\/index.php\/biographie\/","title":{"rendered":"biographie anne barth"},"content":{"rendered":"\t\t<div data-elementor-type=\"wp-post\" data-elementor-id=\"21\" class=\"elementor elementor-21\">\n\t\t\t\t\t\t<section class=\"elementor-section elementor-top-section elementor-element elementor-element-5b3ec610 elementor-section-boxed elementor-section-height-default elementor-section-height-default\" data-id=\"5b3ec610\" data-element_type=\"section\" data-e-type=\"section\">\n\t\t\t\t\t\t<div class=\"elementor-container elementor-column-gap-default\">\n\t\t\t\t\t<div class=\"elementor-column elementor-col-100 elementor-top-column elementor-element elementor-element-135d078b\" data-id=\"135d078b\" data-element_type=\"column\" data-e-type=\"column\">\n\t\t\t<div class=\"elementor-widget-wrap\">\n\t\t\t\t\t\t\t<\/div>\n\t\t<\/div>\n\t\t\t\t\t<\/div>\n\t\t<\/section>\n\t\t\t\t<section class=\"elementor-section elementor-top-section elementor-element elementor-element-1f677ec elementor-section-boxed elementor-section-height-default elementor-section-height-default\" data-id=\"1f677ec\" data-element_type=\"section\" data-e-type=\"section\">\n\t\t\t\t\t\t<div class=\"elementor-container elementor-column-gap-default\">\n\t\t\t\t\t<div class=\"elementor-column elementor-col-66 elementor-top-column elementor-element elementor-element-7e5a4ed\" data-id=\"7e5a4ed\" data-element_type=\"column\" data-e-type=\"column\">\n\t\t\t<div class=\"elementor-widget-wrap elementor-element-populated\">\n\t\t\t\t\t\t<div class=\"elementor-element elementor-element-4270c0f3 elementor-widget elementor-widget-text-editor\" data-id=\"4270c0f3\" data-element_type=\"widget\" data-e-type=\"widget\" data-widget_type=\"text-editor.default\">\n\t\t\t\t<div class=\"elementor-widget-container\">\n\t\t\t\t\t\t\t\t\t<h2 class=\"paragraph_style_2\"><span style=\"color: #008080;\">BIOGRAPHIE ANNE BARTH<\/span><\/h2><p class=\"paragraph_style_2\">Anne Barth est une r\u00e9alisatrice franco-qu\u00e9b\u00e9coise qui vit depuis quelques ann\u00e9es en France.<\/p><p class=\"paragraph_style_2\">Elle a r\u00e9alis\u00e9 et produit plusieurs longs et courts m\u00e9trages depuis 1992. <a href=\"http:\/\/www.annebarth.org\/index.php\/enfance\/\">L&rsquo;arbre de l&rsquo;enfance<\/a> a re\u00e7u le 1er Prix\u00a0 du TerraFestival en 2019 et <a href=\"http:\/\/www.annebarth.org\/index.php\/tandava\/\">Tandava<\/a> le 1er prix au FFM de Montr\u00e9al en 1992.<\/p><p class=\"paragraph_style_2\">Nombre de ses documentaires ont \u00e9t\u00e9 diffus\u00e9s en t\u00e9l\u00e9vision dont T\u00e9l\u00e9-Qu\u00e9bec, TV5, WTN.<\/p><p class=\"paragraph_style_2\">Elle est membre de R\u00e9alisatrices \u00c9quitables au Qu\u00e9bec et poursuit sa cr\u00e9ation en cin\u00e9aste ind\u00e9pendante.<\/p>\t\t\t\t\t\t\t\t<\/div>\n\t\t\t\t<\/div>\n\t\t\t\t\t<\/div>\n\t\t<\/div>\n\t\t\t\t<div class=\"elementor-column elementor-col-33 elementor-top-column elementor-element elementor-element-08e62d0\" data-id=\"08e62d0\" data-element_type=\"column\" data-e-type=\"column\">\n\t\t\t<div class=\"elementor-widget-wrap elementor-element-populated\">\n\t\t\t\t\t\t<div class=\"elementor-element elementor-element-da48294 elementor-widget elementor-widget-image\" data-id=\"da48294\" data-element_type=\"widget\" data-e-type=\"widget\" data-widget_type=\"image.default\">\n\t\t\t\t<div class=\"elementor-widget-container\">\n\t\t\t\t\t\t\t\t\t\t\t\t\t\t\t<img fetchpriority=\"high\" decoding=\"async\" width=\"683\" height=\"1024\" src=\"https:\/\/www.annebarth.org\/wp-content\/uploads\/2017\/03\/anne_barth-683x1024.jpg\" class=\"attachment-large size-large wp-image-22\" alt=\"anne_barth\" srcset=\"https:\/\/www.annebarth.org\/wp-content\/uploads\/2017\/03\/anne_barth.jpg 683w, https:\/\/www.annebarth.org\/wp-content\/uploads\/2017\/03\/anne_barth-200x300.jpg 200w\" sizes=\"(max-width: 683px) 100vw, 683px\" \/>\t\t\t\t\t\t\t\t\t\t\t\t\t\t\t<\/div>\n\t\t\t\t<\/div>\n\t\t\t\t\t<\/div>\n\t\t<\/div>\n\t\t\t\t\t<\/div>\n\t\t<\/section>\n\t\t\t\t<\/div>\n\t\t","protected":false},"excerpt":{"rendered":"<p>BIOGRAPHIE ANNE BARTH Anne Barth est une r\u00e9alisatrice franco-qu\u00e9b\u00e9coise qui vit depuis quelques ann\u00e9es en France. Elle a r\u00e9alis\u00e9 et produit plusieurs longs et courts m\u00e9trages depuis 1992. L&rsquo;arbre de l&rsquo;enfance a re\u00e7u le 1er Prix\u00a0 du TerraFestival en 2019 et Tandava le 1er prix au FFM de Montr\u00e9al en 1992. Nombre de ses documentaires<br \/><a class=\"moretag\" href=\"https:\/\/www.annebarth.org\/index.php\/biographie\/\">+ Read More<\/a><\/p>\n","protected":false},"author":1,"featured_media":0,"parent":0,"menu_order":0,"comment_status":"closed","ping_status":"closed","template":"","meta":{"footnotes":""},"class_list":["post-21","page","type-page","status-publish","hentry"],"yoast_head":"<!-- This site is optimized with the Yoast SEO plugin v27.3 - https:\/\/yoast.com\/product\/yoast-seo-wordpress\/ -->\n<title>biographie de Anne Barth, r\u00e9alisatrice franco-qu\u00e9b\u00e9coise<\/title>\n<meta name=\"description\" content=\"retrouvez sur cette page la biographie de la r\u00e9alisatrice franco-qu\u00e9b\u00e9coise Anne Barth, r\u00e9alisatrice du film Quels enfants laisserons-nous \u00e0 la plan\u00e8te ?\" \/>\n<meta name=\"robots\" content=\"index, follow, max-snippet:-1, max-image-preview:large, max-video-preview:-1\" \/>\n<link rel=\"canonical\" href=\"https:\/\/www.annebarth.org\/index.php\/biographie\/\" \/>\n<meta property=\"og:locale\" content=\"fr_FR\" \/>\n<meta property=\"og:type\" content=\"article\" \/>\n<meta property=\"og:title\" content=\"biographie de Anne Barth, r\u00e9alisatrice franco-qu\u00e9b\u00e9coise\" \/>\n<meta property=\"og:description\" content=\"retrouvez sur cette page la biographie de la r\u00e9alisatrice franco-qu\u00e9b\u00e9coise Anne Barth, r\u00e9alisatrice du film Quels enfants laisserons-nous \u00e0 la plan\u00e8te ?\" \/>\n<meta property=\"og:url\" content=\"https:\/\/www.annebarth.org\/index.php\/biographie\/\" \/>\n<meta property=\"og:site_name\" content=\"Anne Barth, r\u00e9alisatrice\" \/>\n<meta property=\"article:modified_time\" content=\"2019-08-19T10:30:15+00:00\" \/>\n<meta property=\"og:image\" content=\"http:\/\/www.annebarth.org\/wp-content\/uploads\/2017\/03\/anne_barth-683x1024.jpg\" \/>\n<meta name=\"twitter:card\" content=\"summary_large_image\" \/>\n<script type=\"application\/ld+json\" class=\"yoast-schema-graph\">{\"@context\":\"https:\\\/\\\/schema.org\",\"@graph\":[{\"@type\":\"WebPage\",\"@id\":\"https:\\\/\\\/www.annebarth.org\\\/index.php\\\/biographie\\\/\",\"url\":\"https:\\\/\\\/www.annebarth.org\\\/index.php\\\/biographie\\\/\",\"name\":\"biographie de Anne Barth, r\u00e9alisatrice franco-qu\u00e9b\u00e9coise\",\"isPartOf\":{\"@id\":\"https:\\\/\\\/www.annebarth.org\\\/#website\"},\"primaryImageOfPage\":{\"@id\":\"https:\\\/\\\/www.annebarth.org\\\/index.php\\\/biographie\\\/#primaryimage\"},\"image\":{\"@id\":\"https:\\\/\\\/www.annebarth.org\\\/index.php\\\/biographie\\\/#primaryimage\"},\"thumbnailUrl\":\"http:\\\/\\\/www.annebarth.org\\\/wp-content\\\/uploads\\\/2017\\\/03\\\/anne_barth-683x1024.jpg\",\"datePublished\":\"2017-03-23T13:01:08+00:00\",\"dateModified\":\"2019-08-19T10:30:15+00:00\",\"description\":\"retrouvez sur cette page la biographie de la r\u00e9alisatrice franco-qu\u00e9b\u00e9coise Anne Barth, r\u00e9alisatrice du film Quels enfants laisserons-nous \u00e0 la plan\u00e8te ?\",\"breadcrumb\":{\"@id\":\"https:\\\/\\\/www.annebarth.org\\\/index.php\\\/biographie\\\/#breadcrumb\"},\"inLanguage\":\"fr-FR\",\"potentialAction\":[{\"@type\":\"ReadAction\",\"target\":[\"https:\\\/\\\/www.annebarth.org\\\/index.php\\\/biographie\\\/\"]}]},{\"@type\":\"ImageObject\",\"inLanguage\":\"fr-FR\",\"@id\":\"https:\\\/\\\/www.annebarth.org\\\/index.php\\\/biographie\\\/#primaryimage\",\"url\":\"https:\\\/\\\/www.annebarth.org\\\/wp-content\\\/uploads\\\/2017\\\/03\\\/anne_barth.jpg\",\"contentUrl\":\"https:\\\/\\\/www.annebarth.org\\\/wp-content\\\/uploads\\\/2017\\\/03\\\/anne_barth.jpg\",\"width\":683,\"height\":1024,\"caption\":\"anne_barth\"},{\"@type\":\"BreadcrumbList\",\"@id\":\"https:\\\/\\\/www.annebarth.org\\\/index.php\\\/biographie\\\/#breadcrumb\",\"itemListElement\":[{\"@type\":\"ListItem\",\"position\":1,\"name\":\"Accueil\",\"item\":\"https:\\\/\\\/www.annebarth.org\\\/\"},{\"@type\":\"ListItem\",\"position\":2,\"name\":\"biographie anne barth\"}]},{\"@type\":\"WebSite\",\"@id\":\"https:\\\/\\\/www.annebarth.org\\\/#website\",\"url\":\"https:\\\/\\\/www.annebarth.org\\\/\",\"name\":\"Anne Barth, r\u00e9alisatrice\",\"description\":\"\",\"potentialAction\":[{\"@type\":\"SearchAction\",\"target\":{\"@type\":\"EntryPoint\",\"urlTemplate\":\"https:\\\/\\\/www.annebarth.org\\\/?s={search_term_string}\"},\"query-input\":{\"@type\":\"PropertyValueSpecification\",\"valueRequired\":true,\"valueName\":\"search_term_string\"}}],\"inLanguage\":\"fr-FR\"}]}<\/script>\n<!-- \/ Yoast SEO plugin. -->","yoast_head_json":{"title":"biographie de Anne Barth, r\u00e9alisatrice franco-qu\u00e9b\u00e9coise","description":"retrouvez sur cette page la biographie de la r\u00e9alisatrice franco-qu\u00e9b\u00e9coise Anne Barth, r\u00e9alisatrice du film Quels enfants laisserons-nous \u00e0 la plan\u00e8te ?","robots":{"index":"index","follow":"follow","max-snippet":"max-snippet:-1","max-image-preview":"max-image-preview:large","max-video-preview":"max-video-preview:-1"},"canonical":"https:\/\/www.annebarth.org\/index.php\/biographie\/","og_locale":"fr_FR","og_type":"article","og_title":"biographie de Anne Barth, r\u00e9alisatrice franco-qu\u00e9b\u00e9coise","og_description":"retrouvez sur cette page la biographie de la r\u00e9alisatrice franco-qu\u00e9b\u00e9coise Anne Barth, r\u00e9alisatrice du film Quels enfants laisserons-nous \u00e0 la plan\u00e8te ?","og_url":"https:\/\/www.annebarth.org\/index.php\/biographie\/","og_site_name":"Anne Barth, r\u00e9alisatrice","article_modified_time":"2019-08-19T10:30:15+00:00","og_image":[{"url":"http:\/\/www.annebarth.org\/wp-content\/uploads\/2017\/03\/anne_barth-683x1024.jpg","type":"","width":"","height":""}],"twitter_card":"summary_large_image","schema":{"@context":"https:\/\/schema.org","@graph":[{"@type":"WebPage","@id":"https:\/\/www.annebarth.org\/index.php\/biographie\/","url":"https:\/\/www.annebarth.org\/index.php\/biographie\/","name":"biographie de Anne Barth, r\u00e9alisatrice franco-qu\u00e9b\u00e9coise","isPartOf":{"@id":"https:\/\/www.annebarth.org\/#website"},"primaryImageOfPage":{"@id":"https:\/\/www.annebarth.org\/index.php\/biographie\/#primaryimage"},"image":{"@id":"https:\/\/www.annebarth.org\/index.php\/biographie\/#primaryimage"},"thumbnailUrl":"http:\/\/www.annebarth.org\/wp-content\/uploads\/2017\/03\/anne_barth-683x1024.jpg","datePublished":"2017-03-23T13:01:08+00:00","dateModified":"2019-08-19T10:30:15+00:00","description":"retrouvez sur cette page la biographie de la r\u00e9alisatrice franco-qu\u00e9b\u00e9coise Anne Barth, r\u00e9alisatrice du film Quels enfants laisserons-nous \u00e0 la plan\u00e8te ?","breadcrumb":{"@id":"https:\/\/www.annebarth.org\/index.php\/biographie\/#breadcrumb"},"inLanguage":"fr-FR","potentialAction":[{"@type":"ReadAction","target":["https:\/\/www.annebarth.org\/index.php\/biographie\/"]}]},{"@type":"ImageObject","inLanguage":"fr-FR","@id":"https:\/\/www.annebarth.org\/index.php\/biographie\/#primaryimage","url":"https:\/\/www.annebarth.org\/wp-content\/uploads\/2017\/03\/anne_barth.jpg","contentUrl":"https:\/\/www.annebarth.org\/wp-content\/uploads\/2017\/03\/anne_barth.jpg","width":683,"height":1024,"caption":"anne_barth"},{"@type":"BreadcrumbList","@id":"https:\/\/www.annebarth.org\/index.php\/biographie\/#breadcrumb","itemListElement":[{"@type":"ListItem","position":1,"name":"Accueil","item":"https:\/\/www.annebarth.org\/"},{"@type":"ListItem","position":2,"name":"biographie anne barth"}]},{"@type":"WebSite","@id":"https:\/\/www.annebarth.org\/#website","url":"https:\/\/www.annebarth.org\/","name":"Anne Barth, r\u00e9alisatrice","description":"","potentialAction":[{"@type":"SearchAction","target":{"@type":"EntryPoint","urlTemplate":"https:\/\/www.annebarth.org\/?s={search_term_string}"},"query-input":{"@type":"PropertyValueSpecification","valueRequired":true,"valueName":"search_term_string"}}],"inLanguage":"fr-FR"}]}},"_links":{"self":[{"href":"https:\/\/www.annebarth.org\/index.php\/wp-json\/wp\/v2\/pages\/21","targetHints":{"allow":["GET"]}}],"collection":[{"href":"https:\/\/www.annebarth.org\/index.php\/wp-json\/wp\/v2\/pages"}],"about":[{"href":"https:\/\/www.annebarth.org\/index.php\/wp-json\/wp\/v2\/types\/page"}],"author":[{"embeddable":true,"href":"https:\/\/www.annebarth.org\/index.php\/wp-json\/wp\/v2\/users\/1"}],"replies":[{"embeddable":true,"href":"https:\/\/www.annebarth.org\/index.php\/wp-json\/wp\/v2\/comments?post=21"}],"version-history":[{"count":7,"href":"https:\/\/www.annebarth.org\/index.php\/wp-json\/wp\/v2\/pages\/21\/revisions"}],"predecessor-version":[{"id":153,"href":"https:\/\/www.annebarth.org\/index.php\/wp-json\/wp\/v2\/pages\/21\/revisions\/153"}],"wp:attachment":[{"href":"https:\/\/www.annebarth.org\/index.php\/wp-json\/wp\/v2\/media?parent=21"}],"curies":[{"name":"wp","href":"https:\/\/api.w.org\/{rel}","templated":true}]}}

<div data-elementor-type="wp-post" data-elementor-id="21" class="elementor elementor-21">
						<section class="elementor-section elementor-top-section elementor-element elementor-element-5b3ec610 elementor-section-boxed elementor-section-height-default elementor-section-height-default" data-id="5b3ec610" data-element_type="section" data-e-type="section">
						<div class="elementor-container elementor-column-gap-default">
					<div class="elementor-column elementor-col-100 elementor-top-column elementor-element elementor-element-135d078b" data-id="135d078b" data-element_type="column" data-e-type="column">
			<div class="elementor-widget-wrap">
							</div>
		</div>
					</div>
		</section>
				<section class="elementor-section elementor-top-section elementor-element elementor-element-1f677ec elementor-section-boxed elementor-section-height-default elementor-section-height-default" data-id="1f677ec" data-element_type="section" data-e-type="section">
						<div class="elementor-container elementor-column-gap-default">
					<div class="elementor-column elementor-col-66 elementor-top-column elementor-element elementor-element-7e5a4ed" data-id="7e5a4ed" data-element_type="column" data-e-type="column">
			<div class="elementor-widget-wrap elementor-element-populated">
						<div class="elementor-element elementor-element-4270c0f3 elementor-widget elementor-widget-text-editor" data-id="4270c0f3" data-element_type="widget" data-e-type="widget" data-widget_type="text-editor.default">
				<div class="elementor-widget-container">
									<h2 class="paragraph_style_2"><span style="color: #008080;">BIOGRAPHIE ANNE BARTH</span></h2><p class="paragraph_style_2">Anne Barth est une réalisatrice franco-québécoise qui vit depuis quelques années en France.</p><p class="paragraph_style_2">Elle a réalisé et produit plusieurs longs et courts métrages depuis 1992. <a href="http://www.annebarth.org/index.php/enfance/">L&rsquo;arbre de l&rsquo;enfance</a> a reçu le 1er Prix  du TerraFestival en 2019 et <a href="http://www.annebarth.org/index.php/tandava/">Tandava</a> le 1er prix au FFM de Montréal en 1992.</p><p class="paragraph_style_2">Nombre de ses documentaires ont été diffusés en télévision dont Télé-Québec, TV5, WTN.</p><p class="paragraph_style_2">Elle est membre de Réalisatrices Équitables au Québec et poursuit sa création en cinéaste indépendante.</p>								</div>
				</div>
					</div>
		</div>
				<div class="elementor-column elementor-col-33 elementor-top-column elementor-element elementor-element-08e62d0" data-id="08e62d0" data-element_type="column" data-e-type="column">
			<div class="elementor-widget-wrap elementor-element-populated">
						<div class="elementor-element elementor-element-da48294 elementor-widget elementor-widget-image" data-id="da48294" data-element_type="widget" data-e-type="widget" data-widget_type="image.default">
				<div class="elementor-widget-container">
															<img fetchpriority="high" decoding="async" width="683" height="1024" src="https://www.annebarth.org/wp-content/uploads/2017/03/anne_barth-683x1024.jpg" class="attachment-large size-large wp-image-22" alt="anne_barth" srcset="https://www.annebarth.org/wp-content/uploads/2017/03/anne_barth.jpg 683w, https://www.annebarth.org/wp-content/uploads/2017/03/anne_barth-200x300.jpg 200w" sizes="(max-width: 683px) 100vw, 683px" />															</div>
				</div>
					</div>
		</div>
					</div>
		</section>
				</div>

<p>BIOGRAPHIE ANNE BARTH Anne Barth est une réalisatrice franco-québécoise qui vit depuis quelques années en France. Elle a réalisé et produit plusieurs longs et courts métrages depuis 1992. L&rsquo;arbre de l&rsquo;enfance a reçu le 1er Prix  du TerraFestival en 2019 et Tandava le 1er prix au FFM de Montréal en 1992. Nombre de ses documentaires<br /><a class="moretag" href="https://www.annebarth.org/index.php/biographie/">+ Read More</a></p>

<!-- This site is optimized with the Yoast SEO plugin v27.3 - https://yoast.com/product/yoast-seo-wordpress/ -->
<title>biographie de Anne Barth, réalisatrice franco-québécoise</title>
<meta name="description" content="retrouvez sur cette page la biographie de la réalisatrice franco-québécoise Anne Barth, réalisatrice du film Quels enfants laisserons-nous à la planète ?" />
<meta name="robots" content="index, follow, max-snippet:-1, max-image-preview:large, max-video-preview:-1" />
<link rel="canonical" href="https://www.annebarth.org/index.php/biographie/" />
<meta property="og:locale" content="fr_FR" />
<meta property="og:type" content="article" />
<meta property="og:title" content="biographie de Anne Barth, réalisatrice franco-québécoise" />
<meta property="og:description" content="retrouvez sur cette page la biographie de la réalisatrice franco-québécoise Anne Barth, réalisatrice du film Quels enfants laisserons-nous à la planète ?" />
<meta property="og:url" content="https://www.annebarth.org/index.php/biographie/" />
<meta property="og:site_name" content="Anne Barth, réalisatrice" />
<meta property="article:modified_time" content="2019-08-19T10:30:15+00:00" />
<meta property="og:image" content="http://www.annebarth.org/wp-content/uploads/2017/03/anne_barth-683x1024.jpg" />
<meta name="twitter:card" content="summary_large_image" />
<script type="application/ld+json" class="yoast-schema-graph">{"@context":"https:\/\/schema.org","@graph":[{"@type":"WebPage","@id":"https:\/\/www.annebarth.org\/index.php\/biographie\/","url":"https:\/\/www.annebarth.org\/index.php\/biographie\/","name":"biographie de Anne Barth, réalisatrice franco-québécoise","isPartOf":{"@id":"https:\/\/www.annebarth.org\/#website"},"primaryImageOfPage":{"@id":"https:\/\/www.annebarth.org\/index.php\/biographie\/#primaryimage"},"image":{"@id":"https:\/\/www.annebarth.org\/index.php\/biographie\/#primaryimage"},"thumbnailUrl":"http:\/\/www.annebarth.org\/wp-content\/uploads\/2017\/03\/anne_barth-683x1024.jpg","datePublished":"2017-03-23T13:01:08+00:00","dateModified":"2019-08-19T10:30:15+00:00","description":"retrouvez sur cette page la biographie de la réalisatrice franco-québécoise Anne Barth, réalisatrice du film Quels enfants laisserons-nous à la planète ?","breadcrumb":{"@id":"https:\/\/www.annebarth.org\/index.php\/biographie\/#breadcrumb"},"inLanguage":"fr-FR","potentialAction":[{"@type":"ReadAction","target":["https:\/\/www.annebarth.org\/index.php\/biographie\/"]}]},{"@type":"ImageObject","inLanguage":"fr-FR","@id":"https:\/\/www.annebarth.org\/index.php\/biographie\/#primaryimage","url":"https:\/\/www.annebarth.org\/wp-content\/uploads\/2017\/03\/anne_barth.jpg","contentUrl":"https:\/\/www.annebarth.org\/wp-content\/uploads\/2017\/03\/anne_barth.jpg","width":683,"height":1024,"caption":"anne_barth"},{"@type":"BreadcrumbList","@id":"https:\/\/www.annebarth.org\/index.php\/biographie\/#breadcrumb","itemListElement":[{"@type":"ListItem","position":1,"name":"Accueil","item":"https:\/\/www.annebarth.org\/"},{"@type":"ListItem","position":2,"name":"biographie anne barth"}]},{"@type":"WebSite","@id":"https:\/\/www.annebarth.org\/#website","url":"https:\/\/www.annebarth.org\/","name":"Anne Barth, réalisatrice","description":"","potentialAction":[{"@type":"SearchAction","target":{"@type":"EntryPoint","urlTemplate":"https:\/\/www.annebarth.org\/?s={search_term_string}"},"query-input":{"@type":"PropertyValueSpecification","valueRequired":true,"valueName":"search_term_string"}}],"inLanguage":"fr-FR"}]}</script>
<!-- / Yoast SEO plugin. -->

biographie de Anne Barth, réalisatrice franco-québécoise

retrouvez sur cette page la biographie de la réalisatrice franco-québécoise Anne Barth, réalisatrice du film Quels enfants laisserons-nous à la planète ?

Anne Barth, réalisatrice
