{"id":43,"date":"2017-03-23T16:12:15","date_gmt":"2017-03-23T15:12:15","guid":{"rendered":"http:\/\/www.annebarth.org\/?page_id=43"},"modified":"2017-03-28T21:54:21","modified_gmt":"2017-03-28T19:54:21","slug":"ce-qui-compte","status":"publish","type":"page","link":"https:\/\/www.annebarth.org\/index.php\/ce-qui-compte\/","title":{"rendered":"Ce qui compte"},"content":{"rendered":"<h3><span style=\"color: #008080;\">CE QUI COMPTE<br \/>\n<\/span><\/h3>\n<p><iframe title=\"Bande annonce ce qui compte\" src=\"https:\/\/player.vimeo.com\/video\/73732721?dnt=1&amp;app_id=122963\" width=\"500\" height=\"281\" frameborder=\"0\" allow=\"autoplay; fullscreen; picture-in-picture; clipboard-write; encrypted-media; web-share\" referrerpolicy=\"strict-origin-when-cross-origin\"><\/iframe><\/p>\n<p><strong>2013 \u2022 52 minutes \u2022 documentaire<\/strong><\/p>\n<p class=\"paragraph_style_2\"><em>Dr\u00f4me, sud de la France.<\/em><\/p>\n<p class=\"paragraph_style_2\"><em>\u00c0 la suite d\u2019un \u00e9v\u00e9nement qui l\u2019a boulevers\u00e9 et interpell\u00e9 profond\u00e9ment dans ses valeurs, Michel Valentin, un homme d\u2019affaires qui a r\u00e9ussi, a remis en question le sens de sa vie.<\/em><\/p>\n<p class=\"paragraph_style_2\"><em>Gr\u00e2ce \u00e0 deux rencontres d\u00e9terminantes, il a poursuivi ses r\u00e9flexions et s\u2019est engag\u00e9 \u00e0 entreprendre autrement.<\/em><\/p>\n<p class=\"paragraph_style_2\"><span class=\"style_1\">Ce qui compte<\/span><em> fait \u00e9tat de ses questionnements, de ses engagements et d\u2019une pens\u00e9e qui \u00e9merge dans le milieu de l\u2019entreprise et dans le monde du travail plus g\u00e9n\u00e9ralement. Ponctu\u00e9 de plusieurs t\u00e9moignages, le film est un appel vibrant \u00e0 un changement profond des relations au monde.<\/em><\/p>\n<p class=\"paragraph_style_2\">Le film est distribu\u00e9 par Les Amanins (26) et vous trouverez dossier de presse, dates de projection, commande de DVD sur le site enti\u00e8rement d\u00e9di\u00e9 au film, <a href=\"http:\/\/cequicompte.lesamanins.com\/le-film.php\" target=\"_blank\">ici<\/a>.<\/p>\n","protected":false},"excerpt":{"rendered":"<p>CE QUI COMPTE 2013 \u2022 52 minutes \u2022 documentaire Dr\u00f4me, sud de la France. \u00c0 la suite d\u2019un \u00e9v\u00e9nement qui l\u2019a boulevers\u00e9 et interpell\u00e9 profond\u00e9ment dans ses valeurs, Michel Valentin, un homme d\u2019affaires qui a r\u00e9ussi, a remis en question le sens de sa vie. Gr\u00e2ce \u00e0 deux rencontres d\u00e9terminantes, il a poursuivi ses r\u00e9flexions<br \/><a class=\"moretag\" href=\"https:\/\/www.annebarth.org\/index.php\/ce-qui-compte\/\">+ Read More<\/a><\/p>\n","protected":false},"author":1,"featured_media":33,"parent":0,"menu_order":0,"comment_status":"closed","ping_status":"closed","template":"template_parts\/page-fullwidth_template.php","meta":{"footnotes":""},"class_list":["post-43","page","type-page","status-publish","has-post-thumbnail","hentry"],"yoast_head":"<!-- This site is optimized with the Yoast SEO plugin v27.3 - https:\/\/yoast.com\/product\/yoast-seo-wordpress\/ -->\n<title>ce qui compte, un documentaire de Anne Barth, r\u00e9alisatrice<\/title>\n<meta name=\"description\" content=\"Ce qui compte, suit le parcours de Michel Valentin, un homme d&#039;affaires qui a r\u00e9ussi et qui d\u00e9cide de changer profond\u00e9ment son rapport au monde.\" \/>\n<meta name=\"robots\" content=\"index, follow, max-snippet:-1, max-image-preview:large, max-video-preview:-1\" \/>\n<link rel=\"canonical\" href=\"https:\/\/www.annebarth.org\/index.php\/ce-qui-compte\/\" \/>\n<meta property=\"og:locale\" content=\"fr_FR\" \/>\n<meta property=\"og:type\" content=\"article\" \/>\n<meta property=\"og:title\" content=\"ce qui compte, un documentaire de Anne Barth, r\u00e9alisatrice\" \/>\n<meta property=\"og:description\" content=\"Ce qui compte, suit le parcours de Michel Valentin, un homme d&#039;affaires qui a r\u00e9ussi et qui d\u00e9cide de changer profond\u00e9ment son rapport au monde.\" \/>\n<meta property=\"og:url\" content=\"https:\/\/www.annebarth.org\/index.php\/ce-qui-compte\/\" \/>\n<meta property=\"og:site_name\" content=\"Anne Barth, r\u00e9alisatrice\" \/>\n<meta property=\"article:modified_time\" content=\"2017-03-28T19:54:21+00:00\" \/>\n<meta property=\"og:image\" content=\"https:\/\/www.annebarth.org\/wp-content\/uploads\/2017\/03\/michel_valentin.png\" \/>\n\t<meta property=\"og:image:width\" content=\"911\" \/>\n\t<meta property=\"og:image:height\" content=\"422\" \/>\n\t<meta property=\"og:image:type\" content=\"image\/png\" \/>\n<meta name=\"twitter:card\" content=\"summary_large_image\" \/>\n<meta name=\"twitter:label1\" content=\"Dur\u00e9e de lecture estim\u00e9e\" \/>\n\t<meta name=\"twitter:data1\" content=\"1 minute\" \/>\n<script type=\"application\/ld+json\" class=\"yoast-schema-graph\">{\"@context\":\"https:\\\/\\\/schema.org\",\"@graph\":[{\"@type\":\"WebPage\",\"@id\":\"https:\\\/\\\/www.annebarth.org\\\/index.php\\\/ce-qui-compte\\\/\",\"url\":\"https:\\\/\\\/www.annebarth.org\\\/index.php\\\/ce-qui-compte\\\/\",\"name\":\"ce qui compte, un documentaire de Anne Barth, r\u00e9alisatrice\",\"isPartOf\":{\"@id\":\"https:\\\/\\\/www.annebarth.org\\\/#website\"},\"primaryImageOfPage\":{\"@id\":\"https:\\\/\\\/www.annebarth.org\\\/index.php\\\/ce-qui-compte\\\/#primaryimage\"},\"image\":{\"@id\":\"https:\\\/\\\/www.annebarth.org\\\/index.php\\\/ce-qui-compte\\\/#primaryimage\"},\"thumbnailUrl\":\"https:\\\/\\\/www.annebarth.org\\\/wp-content\\\/uploads\\\/2017\\\/03\\\/michel_valentin.png\",\"datePublished\":\"2017-03-23T15:12:15+00:00\",\"dateModified\":\"2017-03-28T19:54:21+00:00\",\"description\":\"Ce qui compte, suit le parcours de Michel Valentin, un homme d'affaires qui a r\u00e9ussi et qui d\u00e9cide de changer profond\u00e9ment son rapport au monde.\",\"breadcrumb\":{\"@id\":\"https:\\\/\\\/www.annebarth.org\\\/index.php\\\/ce-qui-compte\\\/#breadcrumb\"},\"inLanguage\":\"fr-FR\",\"potentialAction\":[{\"@type\":\"ReadAction\",\"target\":[\"https:\\\/\\\/www.annebarth.org\\\/index.php\\\/ce-qui-compte\\\/\"]}]},{\"@type\":\"ImageObject\",\"inLanguage\":\"fr-FR\",\"@id\":\"https:\\\/\\\/www.annebarth.org\\\/index.php\\\/ce-qui-compte\\\/#primaryimage\",\"url\":\"https:\\\/\\\/www.annebarth.org\\\/wp-content\\\/uploads\\\/2017\\\/03\\\/michel_valentin.png\",\"contentUrl\":\"https:\\\/\\\/www.annebarth.org\\\/wp-content\\\/uploads\\\/2017\\\/03\\\/michel_valentin.png\",\"width\":911,\"height\":422,\"caption\":\"Ce qui compte - 2013\"},{\"@type\":\"BreadcrumbList\",\"@id\":\"https:\\\/\\\/www.annebarth.org\\\/index.php\\\/ce-qui-compte\\\/#breadcrumb\",\"itemListElement\":[{\"@type\":\"ListItem\",\"position\":1,\"name\":\"Accueil\",\"item\":\"https:\\\/\\\/www.annebarth.org\\\/\"},{\"@type\":\"ListItem\",\"position\":2,\"name\":\"Ce qui compte\"}]},{\"@type\":\"WebSite\",\"@id\":\"https:\\\/\\\/www.annebarth.org\\\/#website\",\"url\":\"https:\\\/\\\/www.annebarth.org\\\/\",\"name\":\"Anne Barth, r\u00e9alisatrice\",\"description\":\"\",\"potentialAction\":[{\"@type\":\"SearchAction\",\"target\":{\"@type\":\"EntryPoint\",\"urlTemplate\":\"https:\\\/\\\/www.annebarth.org\\\/?s={search_term_string}\"},\"query-input\":{\"@type\":\"PropertyValueSpecification\",\"valueRequired\":true,\"valueName\":\"search_term_string\"}}],\"inLanguage\":\"fr-FR\"}]}<\/script>\n<!-- \/ Yoast SEO plugin. -->","yoast_head_json":{"title":"ce qui compte, un documentaire de Anne Barth, r\u00e9alisatrice","description":"Ce qui compte, suit le parcours de Michel Valentin, un homme d'affaires qui a r\u00e9ussi et qui d\u00e9cide de changer profond\u00e9ment son rapport au monde.","robots":{"index":"index","follow":"follow","max-snippet":"max-snippet:-1","max-image-preview":"max-image-preview:large","max-video-preview":"max-video-preview:-1"},"canonical":"https:\/\/www.annebarth.org\/index.php\/ce-qui-compte\/","og_locale":"fr_FR","og_type":"article","og_title":"ce qui compte, un documentaire de Anne Barth, r\u00e9alisatrice","og_description":"Ce qui compte, suit le parcours de Michel Valentin, un homme d'affaires qui a r\u00e9ussi et qui d\u00e9cide de changer profond\u00e9ment son rapport au monde.","og_url":"https:\/\/www.annebarth.org\/index.php\/ce-qui-compte\/","og_site_name":"Anne Barth, r\u00e9alisatrice","article_modified_time":"2017-03-28T19:54:21+00:00","og_image":[{"width":911,"height":422,"url":"https:\/\/www.annebarth.org\/wp-content\/uploads\/2017\/03\/michel_valentin.png","type":"image\/png"}],"twitter_card":"summary_large_image","twitter_misc":{"Dur\u00e9e de lecture estim\u00e9e":"1 minute"},"schema":{"@context":"https:\/\/schema.org","@graph":[{"@type":"WebPage","@id":"https:\/\/www.annebarth.org\/index.php\/ce-qui-compte\/","url":"https:\/\/www.annebarth.org\/index.php\/ce-qui-compte\/","name":"ce qui compte, un documentaire de Anne Barth, r\u00e9alisatrice","isPartOf":{"@id":"https:\/\/www.annebarth.org\/#website"},"primaryImageOfPage":{"@id":"https:\/\/www.annebarth.org\/index.php\/ce-qui-compte\/#primaryimage"},"image":{"@id":"https:\/\/www.annebarth.org\/index.php\/ce-qui-compte\/#primaryimage"},"thumbnailUrl":"https:\/\/www.annebarth.org\/wp-content\/uploads\/2017\/03\/michel_valentin.png","datePublished":"2017-03-23T15:12:15+00:00","dateModified":"2017-03-28T19:54:21+00:00","description":"Ce qui compte, suit le parcours de Michel Valentin, un homme d'affaires qui a r\u00e9ussi et qui d\u00e9cide de changer profond\u00e9ment son rapport au monde.","breadcrumb":{"@id":"https:\/\/www.annebarth.org\/index.php\/ce-qui-compte\/#breadcrumb"},"inLanguage":"fr-FR","potentialAction":[{"@type":"ReadAction","target":["https:\/\/www.annebarth.org\/index.php\/ce-qui-compte\/"]}]},{"@type":"ImageObject","inLanguage":"fr-FR","@id":"https:\/\/www.annebarth.org\/index.php\/ce-qui-compte\/#primaryimage","url":"https:\/\/www.annebarth.org\/wp-content\/uploads\/2017\/03\/michel_valentin.png","contentUrl":"https:\/\/www.annebarth.org\/wp-content\/uploads\/2017\/03\/michel_valentin.png","width":911,"height":422,"caption":"Ce qui compte - 2013"},{"@type":"BreadcrumbList","@id":"https:\/\/www.annebarth.org\/index.php\/ce-qui-compte\/#breadcrumb","itemListElement":[{"@type":"ListItem","position":1,"name":"Accueil","item":"https:\/\/www.annebarth.org\/"},{"@type":"ListItem","position":2,"name":"Ce qui compte"}]},{"@type":"WebSite","@id":"https:\/\/www.annebarth.org\/#website","url":"https:\/\/www.annebarth.org\/","name":"Anne Barth, r\u00e9alisatrice","description":"","potentialAction":[{"@type":"SearchAction","target":{"@type":"EntryPoint","urlTemplate":"https:\/\/www.annebarth.org\/?s={search_term_string}"},"query-input":{"@type":"PropertyValueSpecification","valueRequired":true,"valueName":"search_term_string"}}],"inLanguage":"fr-FR"}]}},"_links":{"self":[{"href":"https:\/\/www.annebarth.org\/index.php\/wp-json\/wp\/v2\/pages\/43","targetHints":{"allow":["GET"]}}],"collection":[{"href":"https:\/\/www.annebarth.org\/index.php\/wp-json\/wp\/v2\/pages"}],"about":[{"href":"https:\/\/www.annebarth.org\/index.php\/wp-json\/wp\/v2\/types\/page"}],"author":[{"embeddable":true,"href":"https:\/\/www.annebarth.org\/index.php\/wp-json\/wp\/v2\/users\/1"}],"replies":[{"embeddable":true,"href":"https:\/\/www.annebarth.org\/index.php\/wp-json\/wp\/v2\/comments?post=43"}],"version-history":[{"count":3,"href":"https:\/\/www.annebarth.org\/index.php\/wp-json\/wp\/v2\/pages\/43\/revisions"}],"predecessor-version":[{"id":103,"href":"https:\/\/www.annebarth.org\/index.php\/wp-json\/wp\/v2\/pages\/43\/revisions\/103"}],"wp:featuredmedia":[{"embeddable":true,"href":"https:\/\/www.annebarth.org\/index.php\/wp-json\/wp\/v2\/media\/33"}],"wp:attachment":[{"href":"https:\/\/www.annebarth.org\/index.php\/wp-json\/wp\/v2\/media?parent=43"}],"curies":[{"name":"wp","href":"https:\/\/api.w.org\/{rel}","templated":true}]}}

<h3><span style="color: #008080;">CE QUI COMPTE<br />
</span></h3>
<p><iframe title="Bande annonce ce qui compte" src="https://player.vimeo.com/video/73732721?dnt=1&amp;app_id=122963" width="500" height="281" frameborder="0" allow="autoplay; fullscreen; picture-in-picture; clipboard-write; encrypted-media; web-share" referrerpolicy="strict-origin-when-cross-origin"></iframe></p>
<p><strong>2013 • 52 minutes • documentaire</strong></p>
<p class="paragraph_style_2"><em>Drôme, sud de la France.</em></p>
<p class="paragraph_style_2"><em>À la suite d’un événement qui l’a bouleversé et interpellé profondément dans ses valeurs, Michel Valentin, un homme d’affaires qui a réussi, a remis en question le sens de sa vie.</em></p>
<p class="paragraph_style_2"><em>Grâce à deux rencontres déterminantes, il a poursuivi ses réflexions et s’est engagé à entreprendre autrement.</em></p>
<p class="paragraph_style_2"><span class="style_1">Ce qui compte</span><em> fait état de ses questionnements, de ses engagements et d’une pensée qui émerge dans le milieu de l’entreprise et dans le monde du travail plus généralement. Ponctué de plusieurs témoignages, le film est un appel vibrant à un changement profond des relations au monde.</em></p>
<p class="paragraph_style_2">Le film est distribué par Les Amanins (26) et vous trouverez dossier de presse, dates de projection, commande de DVD sur le site entièrement dédié au film, <a href="http://cequicompte.lesamanins.com/le-film.php" target="_blank">ici</a>.</p>

<p>CE QUI COMPTE 2013 • 52 minutes • documentaire Drôme, sud de la France. À la suite d’un événement qui l’a bouleversé et interpellé profondément dans ses valeurs, Michel Valentin, un homme d’affaires qui a réussi, a remis en question le sens de sa vie. Grâce à deux rencontres déterminantes, il a poursuivi ses réflexions<br /><a class="moretag" href="https://www.annebarth.org/index.php/ce-qui-compte/">+ Read More</a></p>

<!-- This site is optimized with the Yoast SEO plugin v27.3 - https://yoast.com/product/yoast-seo-wordpress/ -->
<title>ce qui compte, un documentaire de Anne Barth, réalisatrice</title>
<meta name="description" content="Ce qui compte, suit le parcours de Michel Valentin, un homme d&#039;affaires qui a réussi et qui décide de changer profondément son rapport au monde." />
<meta name="robots" content="index, follow, max-snippet:-1, max-image-preview:large, max-video-preview:-1" />
<link rel="canonical" href="https://www.annebarth.org/index.php/ce-qui-compte/" />
<meta property="og:locale" content="fr_FR" />
<meta property="og:type" content="article" />
<meta property="og:title" content="ce qui compte, un documentaire de Anne Barth, réalisatrice" />
<meta property="og:description" content="Ce qui compte, suit le parcours de Michel Valentin, un homme d&#039;affaires qui a réussi et qui décide de changer profondément son rapport au monde." />
<meta property="og:url" content="https://www.annebarth.org/index.php/ce-qui-compte/" />
<meta property="og:site_name" content="Anne Barth, réalisatrice" />
<meta property="article:modified_time" content="2017-03-28T19:54:21+00:00" />
<meta property="og:image" content="https://www.annebarth.org/wp-content/uploads/2017/03/michel_valentin.png" />
	<meta property="og:image:width" content="911" />
	<meta property="og:image:height" content="422" />
	<meta property="og:image:type" content="image/png" />
<meta name="twitter:card" content="summary_large_image" />
<meta name="twitter:label1" content="Durée de lecture estimée" />
	<meta name="twitter:data1" content="1 minute" />
<script type="application/ld+json" class="yoast-schema-graph">{"@context":"https:\/\/schema.org","@graph":[{"@type":"WebPage","@id":"https:\/\/www.annebarth.org\/index.php\/ce-qui-compte\/","url":"https:\/\/www.annebarth.org\/index.php\/ce-qui-compte\/","name":"ce qui compte, un documentaire de Anne Barth, réalisatrice","isPartOf":{"@id":"https:\/\/www.annebarth.org\/#website"},"primaryImageOfPage":{"@id":"https:\/\/www.annebarth.org\/index.php\/ce-qui-compte\/#primaryimage"},"image":{"@id":"https:\/\/www.annebarth.org\/index.php\/ce-qui-compte\/#primaryimage"},"thumbnailUrl":"https:\/\/www.annebarth.org\/wp-content\/uploads\/2017\/03\/michel_valentin.png","datePublished":"2017-03-23T15:12:15+00:00","dateModified":"2017-03-28T19:54:21+00:00","description":"Ce qui compte, suit le parcours de Michel Valentin, un homme d'affaires qui a réussi et qui décide de changer profondément son rapport au monde.","breadcrumb":{"@id":"https:\/\/www.annebarth.org\/index.php\/ce-qui-compte\/#breadcrumb"},"inLanguage":"fr-FR","potentialAction":[{"@type":"ReadAction","target":["https:\/\/www.annebarth.org\/index.php\/ce-qui-compte\/"]}]},{"@type":"ImageObject","inLanguage":"fr-FR","@id":"https:\/\/www.annebarth.org\/index.php\/ce-qui-compte\/#primaryimage","url":"https:\/\/www.annebarth.org\/wp-content\/uploads\/2017\/03\/michel_valentin.png","contentUrl":"https:\/\/www.annebarth.org\/wp-content\/uploads\/2017\/03\/michel_valentin.png","width":911,"height":422,"caption":"Ce qui compte - 2013"},{"@type":"BreadcrumbList","@id":"https:\/\/www.annebarth.org\/index.php\/ce-qui-compte\/#breadcrumb","itemListElement":[{"@type":"ListItem","position":1,"name":"Accueil","item":"https:\/\/www.annebarth.org\/"},{"@type":"ListItem","position":2,"name":"Ce qui compte"}]},{"@type":"WebSite","@id":"https:\/\/www.annebarth.org\/#website","url":"https:\/\/www.annebarth.org\/","name":"Anne Barth, réalisatrice","description":"","potentialAction":[{"@type":"SearchAction","target":{"@type":"EntryPoint","urlTemplate":"https:\/\/www.annebarth.org\/?s={search_term_string}"},"query-input":{"@type":"PropertyValueSpecification","valueRequired":true,"valueName":"search_term_string"}}],"inLanguage":"fr-FR"}]}</script>
<!-- / Yoast SEO plugin. -->

ce qui compte, un documentaire de Anne Barth, réalisatrice

Ce qui compte, suit le parcours de Michel Valentin, un homme d'affaires qui a réussi et qui décide de changer profondément son rapport au monde.

Anne Barth, réalisatrice
