{"id":45,"date":"2017-03-23T16:27:11","date_gmt":"2017-03-23T15:27:11","guid":{"rendered":"http:\/\/www.annebarth.org\/?page_id=45"},"modified":"2020-12-10T00:17:51","modified_gmt":"2020-12-09T23:17:51","slug":"enfants-laisserons-a-planete","status":"publish","type":"page","link":"https:\/\/www.annebarth.org\/index.php\/enfants-laisserons-a-planete\/","title":{"rendered":"Quels enfants laisserons-nous \u00e0 la plan\u00e8te ?"},"content":{"rendered":"<h3><span style=\"color: #008080;\">QUELS ENFANTS LAISSERONS-NOUS \u00c0 LA PLAN\u00c8TE ?<\/span><\/h3>\n<p>\u00a0<\/p>\n<p><iframe title=\"Bande Annonce Quels enfants laisserons-nous \u00e0 la plan\u00e8te ?\" src=\"https:\/\/player.vimeo.com\/video\/74465236?dnt=1&amp;app_id=122963\" width=\"500\" height=\"284\" frameborder=\"0\" allow=\"autoplay; fullscreen; picture-in-picture; clipboard-write; encrypted-media; web-share\" referrerpolicy=\"strict-origin-when-cross-origin\"><\/iframe><\/p>\n<p><strong>2010 \u2022 65 minutes \u2022 long m\u00e9trage documentaire<\/strong><\/p>\n<p class=\"paragraph_style_3\"><em>La question, Quels enfants laisserons-nous \u00e0 la plan\u00e8te ? est au c\u0153ur de l\u2019enseignement d\u2019Isabelle Peloux, institutrice de l\u2019\u00e9cole du Colibri, une \u00e9cole primaire de la Dr\u00f4me en France. <\/em><\/p>\n<p class=\"paragraph_style_3\"><em>En immersion pendant un an, la r\u00e9alisatrice franco-qu\u00e9b\u00e9coise Anne Barth a su capter de fa\u00e7on sensible les interactions entre Isabelle, les enseignants stagiaires et les enfants. \u00c9ducation \u00e0 la paix, d\u00e9bat philosophique, \u00e9cologie relationnelle et environnementale sont parmi les sujets du film qui captive petits et grands !<\/em><\/p>\n<p class=\"paragraph_style_3\"><em>Ce film nous renvoie \u00e0 l\u2019enjeu m\u00eame de l\u2019\u00e9ducation, notre \u00e9ducation et celle des g\u00e9n\u00e9rations futures\u2026 Une \u00e9ducation centr\u00e9e sur la n\u00e9cessit\u00e9 d\u2019apprendre \u00e0 faire ensemble, sur le besoin d\u2019\u00e9duquer pour \u00e9lever les consciences.<\/em><\/p>\n<p class=\"paragraph_style_3\">\u00a0<\/p>\n<ul>\n<li class=\"paragraph_style_3\">Commander le DVD pour tous les pays sauf l&rsquo;Am\u00e9rique du Nord ? Diffuser le film pr\u00e8s de chez vous ? Rien de plus facile, il suffit de se rendre sur le site d\u00e9di\u00e9 au film, <a href=\"https:\/\/kameameahfilms.org\/produit\/dvd-quels-enfants-laisserons-nous-a-la-planete\/\" target=\"_blank\" rel=\"noopener\">ici<\/a>.<\/li>\n<\/ul>\n\n\n<p><\/p>\n","protected":false},"excerpt":{"rendered":"<p>QUELS ENFANTS LAISSERONS-NOUS \u00c0 LA PLAN\u00c8TE ? \u00a0 2010 \u2022 65 minutes \u2022 long m\u00e9trage documentaire La question, Quels enfants laisserons-nous \u00e0 la plan\u00e8te ? est au c\u0153ur de l\u2019enseignement d\u2019Isabelle Peloux, institutrice de l\u2019\u00e9cole du Colibri, une \u00e9cole primaire de la Dr\u00f4me en France. En immersion pendant un an, la r\u00e9alisatrice franco-qu\u00e9b\u00e9coise Anne Barth<br \/><a class=\"moretag\" href=\"https:\/\/www.annebarth.org\/index.php\/enfants-laisserons-a-planete\/\">+ Read More<\/a><\/p>\n","protected":false},"author":1,"featured_media":37,"parent":0,"menu_order":0,"comment_status":"closed","ping_status":"closed","template":"template_parts\/page-fullwidth_template.php","meta":{"footnotes":""},"class_list":["post-45","page","type-page","status-publish","has-post-thumbnail","hentry"],"yoast_head":"<!-- This site is optimized with the Yoast SEO plugin v27.3 - https:\/\/yoast.com\/product\/yoast-seo-wordpress\/ -->\n<title>Quels enfants laisserons-nous \u00e0 la plan\u00e8te ? - Anne Barth, r\u00e9alisatrice<\/title>\n<meta name=\"description\" content=\"Quels enfants laisserons-nous \u00e0 la plan\u00e8te ? Un film de Anne Barth sur une question au c\u0153ur de l&#039;enseignement d&#039;Isabelle Peloux et de l&#039;\u00c9cole des Amanins.\" \/>\n<meta name=\"robots\" content=\"index, follow, max-snippet:-1, max-image-preview:large, max-video-preview:-1\" \/>\n<link rel=\"canonical\" href=\"https:\/\/www.annebarth.org\/index.php\/enfants-laisserons-a-planete\/\" \/>\n<meta property=\"og:locale\" content=\"fr_FR\" \/>\n<meta property=\"og:type\" content=\"article\" \/>\n<meta property=\"og:title\" content=\"Quels enfants laisserons-nous \u00e0 la plan\u00e8te ? - Anne Barth, r\u00e9alisatrice\" \/>\n<meta property=\"og:description\" content=\"Quels enfants laisserons-nous \u00e0 la plan\u00e8te ? Un film de Anne Barth sur une question au c\u0153ur de l&#039;enseignement d&#039;Isabelle Peloux et de l&#039;\u00c9cole des Amanins.\" \/>\n<meta property=\"og:url\" content=\"https:\/\/www.annebarth.org\/index.php\/enfants-laisserons-a-planete\/\" \/>\n<meta property=\"og:site_name\" content=\"Anne Barth, r\u00e9alisatrice\" \/>\n<meta property=\"article:modified_time\" content=\"2020-12-09T23:17:51+00:00\" \/>\n<meta property=\"og:image\" content=\"https:\/\/www.annebarth.org\/wp-content\/uploads\/2017\/03\/quels_enfants_anne_barth.png\" \/>\n\t<meta property=\"og:image:width\" content=\"1024\" \/>\n\t<meta property=\"og:image:height\" content=\"583\" \/>\n\t<meta property=\"og:image:type\" content=\"image\/png\" \/>\n<meta name=\"twitter:card\" content=\"summary_large_image\" \/>\n<meta name=\"twitter:label1\" content=\"Dur\u00e9e de lecture estim\u00e9e\" \/>\n\t<meta name=\"twitter:data1\" content=\"1 minute\" \/>\n<script type=\"application\/ld+json\" class=\"yoast-schema-graph\">{\"@context\":\"https:\\\/\\\/schema.org\",\"@graph\":[{\"@type\":\"WebPage\",\"@id\":\"https:\\\/\\\/www.annebarth.org\\\/index.php\\\/enfants-laisserons-a-planete\\\/\",\"url\":\"https:\\\/\\\/www.annebarth.org\\\/index.php\\\/enfants-laisserons-a-planete\\\/\",\"name\":\"Quels enfants laisserons-nous \u00e0 la plan\u00e8te ? - Anne Barth, r\u00e9alisatrice\",\"isPartOf\":{\"@id\":\"https:\\\/\\\/www.annebarth.org\\\/#website\"},\"primaryImageOfPage\":{\"@id\":\"https:\\\/\\\/www.annebarth.org\\\/index.php\\\/enfants-laisserons-a-planete\\\/#primaryimage\"},\"image\":{\"@id\":\"https:\\\/\\\/www.annebarth.org\\\/index.php\\\/enfants-laisserons-a-planete\\\/#primaryimage\"},\"thumbnailUrl\":\"https:\\\/\\\/www.annebarth.org\\\/wp-content\\\/uploads\\\/2017\\\/03\\\/quels_enfants_anne_barth.png\",\"datePublished\":\"2017-03-23T15:27:11+00:00\",\"dateModified\":\"2020-12-09T23:17:51+00:00\",\"description\":\"Quels enfants laisserons-nous \u00e0 la plan\u00e8te ? Un film de Anne Barth sur une question au c\u0153ur de l'enseignement d'Isabelle Peloux et de l'\u00c9cole des Amanins.\",\"breadcrumb\":{\"@id\":\"https:\\\/\\\/www.annebarth.org\\\/index.php\\\/enfants-laisserons-a-planete\\\/#breadcrumb\"},\"inLanguage\":\"fr-FR\",\"potentialAction\":[{\"@type\":\"ReadAction\",\"target\":[\"https:\\\/\\\/www.annebarth.org\\\/index.php\\\/enfants-laisserons-a-planete\\\/\"]}]},{\"@type\":\"ImageObject\",\"inLanguage\":\"fr-FR\",\"@id\":\"https:\\\/\\\/www.annebarth.org\\\/index.php\\\/enfants-laisserons-a-planete\\\/#primaryimage\",\"url\":\"https:\\\/\\\/www.annebarth.org\\\/wp-content\\\/uploads\\\/2017\\\/03\\\/quels_enfants_anne_barth.png\",\"contentUrl\":\"https:\\\/\\\/www.annebarth.org\\\/wp-content\\\/uploads\\\/2017\\\/03\\\/quels_enfants_anne_barth.png\",\"width\":1024,\"height\":583,\"caption\":\"Quels enfants laisserons-nous \u00e0 la plan\u00e8te ? - 2010\"},{\"@type\":\"BreadcrumbList\",\"@id\":\"https:\\\/\\\/www.annebarth.org\\\/index.php\\\/enfants-laisserons-a-planete\\\/#breadcrumb\",\"itemListElement\":[{\"@type\":\"ListItem\",\"position\":1,\"name\":\"Accueil\",\"item\":\"https:\\\/\\\/www.annebarth.org\\\/\"},{\"@type\":\"ListItem\",\"position\":2,\"name\":\"Quels enfants laisserons-nous \u00e0 la plan\u00e8te ?\"}]},{\"@type\":\"WebSite\",\"@id\":\"https:\\\/\\\/www.annebarth.org\\\/#website\",\"url\":\"https:\\\/\\\/www.annebarth.org\\\/\",\"name\":\"Anne Barth, r\u00e9alisatrice\",\"description\":\"\",\"potentialAction\":[{\"@type\":\"SearchAction\",\"target\":{\"@type\":\"EntryPoint\",\"urlTemplate\":\"https:\\\/\\\/www.annebarth.org\\\/?s={search_term_string}\"},\"query-input\":{\"@type\":\"PropertyValueSpecification\",\"valueRequired\":true,\"valueName\":\"search_term_string\"}}],\"inLanguage\":\"fr-FR\"}]}<\/script>\n<!-- \/ Yoast SEO plugin. -->","yoast_head_json":{"title":"Quels enfants laisserons-nous \u00e0 la plan\u00e8te ? - Anne Barth, r\u00e9alisatrice","description":"Quels enfants laisserons-nous \u00e0 la plan\u00e8te ? Un film de Anne Barth sur une question au c\u0153ur de l'enseignement d'Isabelle Peloux et de l'\u00c9cole des Amanins.","robots":{"index":"index","follow":"follow","max-snippet":"max-snippet:-1","max-image-preview":"max-image-preview:large","max-video-preview":"max-video-preview:-1"},"canonical":"https:\/\/www.annebarth.org\/index.php\/enfants-laisserons-a-planete\/","og_locale":"fr_FR","og_type":"article","og_title":"Quels enfants laisserons-nous \u00e0 la plan\u00e8te ? - Anne Barth, r\u00e9alisatrice","og_description":"Quels enfants laisserons-nous \u00e0 la plan\u00e8te ? Un film de Anne Barth sur une question au c\u0153ur de l'enseignement d'Isabelle Peloux et de l'\u00c9cole des Amanins.","og_url":"https:\/\/www.annebarth.org\/index.php\/enfants-laisserons-a-planete\/","og_site_name":"Anne Barth, r\u00e9alisatrice","article_modified_time":"2020-12-09T23:17:51+00:00","og_image":[{"width":1024,"height":583,"url":"https:\/\/www.annebarth.org\/wp-content\/uploads\/2017\/03\/quels_enfants_anne_barth.png","type":"image\/png"}],"twitter_card":"summary_large_image","twitter_misc":{"Dur\u00e9e de lecture estim\u00e9e":"1 minute"},"schema":{"@context":"https:\/\/schema.org","@graph":[{"@type":"WebPage","@id":"https:\/\/www.annebarth.org\/index.php\/enfants-laisserons-a-planete\/","url":"https:\/\/www.annebarth.org\/index.php\/enfants-laisserons-a-planete\/","name":"Quels enfants laisserons-nous \u00e0 la plan\u00e8te ? - Anne Barth, r\u00e9alisatrice","isPartOf":{"@id":"https:\/\/www.annebarth.org\/#website"},"primaryImageOfPage":{"@id":"https:\/\/www.annebarth.org\/index.php\/enfants-laisserons-a-planete\/#primaryimage"},"image":{"@id":"https:\/\/www.annebarth.org\/index.php\/enfants-laisserons-a-planete\/#primaryimage"},"thumbnailUrl":"https:\/\/www.annebarth.org\/wp-content\/uploads\/2017\/03\/quels_enfants_anne_barth.png","datePublished":"2017-03-23T15:27:11+00:00","dateModified":"2020-12-09T23:17:51+00:00","description":"Quels enfants laisserons-nous \u00e0 la plan\u00e8te ? Un film de Anne Barth sur une question au c\u0153ur de l'enseignement d'Isabelle Peloux et de l'\u00c9cole des Amanins.","breadcrumb":{"@id":"https:\/\/www.annebarth.org\/index.php\/enfants-laisserons-a-planete\/#breadcrumb"},"inLanguage":"fr-FR","potentialAction":[{"@type":"ReadAction","target":["https:\/\/www.annebarth.org\/index.php\/enfants-laisserons-a-planete\/"]}]},{"@type":"ImageObject","inLanguage":"fr-FR","@id":"https:\/\/www.annebarth.org\/index.php\/enfants-laisserons-a-planete\/#primaryimage","url":"https:\/\/www.annebarth.org\/wp-content\/uploads\/2017\/03\/quels_enfants_anne_barth.png","contentUrl":"https:\/\/www.annebarth.org\/wp-content\/uploads\/2017\/03\/quels_enfants_anne_barth.png","width":1024,"height":583,"caption":"Quels enfants laisserons-nous \u00e0 la plan\u00e8te ? - 2010"},{"@type":"BreadcrumbList","@id":"https:\/\/www.annebarth.org\/index.php\/enfants-laisserons-a-planete\/#breadcrumb","itemListElement":[{"@type":"ListItem","position":1,"name":"Accueil","item":"https:\/\/www.annebarth.org\/"},{"@type":"ListItem","position":2,"name":"Quels enfants laisserons-nous \u00e0 la plan\u00e8te ?"}]},{"@type":"WebSite","@id":"https:\/\/www.annebarth.org\/#website","url":"https:\/\/www.annebarth.org\/","name":"Anne Barth, r\u00e9alisatrice","description":"","potentialAction":[{"@type":"SearchAction","target":{"@type":"EntryPoint","urlTemplate":"https:\/\/www.annebarth.org\/?s={search_term_string}"},"query-input":{"@type":"PropertyValueSpecification","valueRequired":true,"valueName":"search_term_string"}}],"inLanguage":"fr-FR"}]}},"_links":{"self":[{"href":"https:\/\/www.annebarth.org\/index.php\/wp-json\/wp\/v2\/pages\/45","targetHints":{"allow":["GET"]}}],"collection":[{"href":"https:\/\/www.annebarth.org\/index.php\/wp-json\/wp\/v2\/pages"}],"about":[{"href":"https:\/\/www.annebarth.org\/index.php\/wp-json\/wp\/v2\/types\/page"}],"author":[{"embeddable":true,"href":"https:\/\/www.annebarth.org\/index.php\/wp-json\/wp\/v2\/users\/1"}],"replies":[{"embeddable":true,"href":"https:\/\/www.annebarth.org\/index.php\/wp-json\/wp\/v2\/comments?post=45"}],"version-history":[{"count":5,"href":"https:\/\/www.annebarth.org\/index.php\/wp-json\/wp\/v2\/pages\/45\/revisions"}],"predecessor-version":[{"id":159,"href":"https:\/\/www.annebarth.org\/index.php\/wp-json\/wp\/v2\/pages\/45\/revisions\/159"}],"wp:featuredmedia":[{"embeddable":true,"href":"https:\/\/www.annebarth.org\/index.php\/wp-json\/wp\/v2\/media\/37"}],"wp:attachment":[{"href":"https:\/\/www.annebarth.org\/index.php\/wp-json\/wp\/v2\/media?parent=45"}],"curies":[{"name":"wp","href":"https:\/\/api.w.org\/{rel}","templated":true}]}}