{"id":95,"date":"2017-03-28T21:50:10","date_gmt":"2017-03-28T19:50:10","guid":{"rendered":"http:\/\/www.annebarth.org\/?page_id=95"},"modified":"2019-08-19T12:34:12","modified_gmt":"2019-08-19T10:34:12","slug":"pont-de-verre","status":"publish","type":"page","link":"https:\/\/www.annebarth.org\/index.php\/pont-de-verre\/","title":{"rendered":"pont de verre"},"content":{"rendered":"<h3><span style=\"color: #008080;\">PONT DE VERRE<br \/>\n<\/span><\/h3>\n<p><iframe src=\"https:\/\/player.vimeo.com\/video\/103584820?app_id=122963\" width=\"480\" height=\"360\" frameborder=\"0\" title=\"PONT DE VERRE\" allow=\"autoplay; fullscreen\" allowfullscreen><\/iframe><\/p>\n<p><strong>2007 \u2022 19 minutes \u2022 documentaire<\/strong><\/p>\n<p>version fran\u00e7aise et version sous-titres anglais et allemand<\/p>\n<p class=\"paragraph_style_3\"><em>Pont de verre est un po\u00e8me visuel et narratif, o\u00f9 la r\u00e9alisatrice \u00e9voque son trajet reli\u00e9 \u00e0 un cancer du sein. <\/em><\/p>\n<p class=\"paragraph_style_3\"><em>Ce film nous invite \u00e0 un partage intime dans l&rsquo;ouverture du c\u0153ur et suscite une r\u00e9flexion tant sur la maladie que sur la vie.<\/em><\/p>\n<p class=\"paragraph_style_4\"><em>Pont de verre a \u00e9t\u00e9 pr\u00e9sent\u00e9 au RIDM de Montr\u00e9al en 2007.<\/em><\/p>\n","protected":false},"excerpt":{"rendered":"<p>PONT DE VERRE 2007 \u2022 19 minutes \u2022 documentaire version fran\u00e7aise et version sous-titres anglais et allemand Pont de verre est un po\u00e8me visuel et narratif, o\u00f9 la r\u00e9alisatrice \u00e9voque son trajet reli\u00e9 \u00e0 un cancer du sein. Ce film nous invite \u00e0 un partage intime dans l&rsquo;ouverture du c\u0153ur et suscite une r\u00e9flexion tant<br \/><a class=\"moretag\" href=\"https:\/\/www.annebarth.org\/index.php\/pont-de-verre\/\">+ Read More<\/a><\/p>\n","protected":false},"author":1,"featured_media":36,"parent":0,"menu_order":0,"comment_status":"closed","ping_status":"closed","template":"template_parts\/page-fullwidth_template.php","meta":[],"_links":{"self":[{"href":"https:\/\/www.annebarth.org\/index.php\/wp-json\/wp\/v2\/pages\/95"}],"collection":[{"href":"https:\/\/www.annebarth.org\/index.php\/wp-json\/wp\/v2\/pages"}],"about":[{"href":"https:\/\/www.annebarth.org\/index.php\/wp-json\/wp\/v2\/types\/page"}],"author":[{"embeddable":true,"href":"https:\/\/www.annebarth.org\/index.php\/wp-json\/wp\/v2\/users\/1"}],"replies":[{"embeddable":true,"href":"https:\/\/www.annebarth.org\/index.php\/wp-json\/wp\/v2\/comments?post=95"}],"version-history":[{"count":5,"href":"https:\/\/www.annebarth.org\/index.php\/wp-json\/wp\/v2\/pages\/95\/revisions"}],"predecessor-version":[{"id":156,"href":"https:\/\/www.annebarth.org\/index.php\/wp-json\/wp\/v2\/pages\/95\/revisions\/156"}],"wp:featuredmedia":[{"embeddable":true,"href":"https:\/\/www.annebarth.org\/index.php\/wp-json\/wp\/v2\/media\/36"}],"wp:attachment":[{"href":"https:\/\/www.annebarth.org\/index.php\/wp-json\/wp\/v2\/media?parent=95"}],"curies":[{"name":"wp","href":"https:\/\/api.w.org\/{rel}","templated":true}]}}